Last updated on 2025-10-24 11:51:04 CEST.
| Flavor | Version | Tinstall | Tcheck | Ttotal | Status | Flags |
|---|---|---|---|---|---|---|
| r-devel-linux-x86_64-debian-clang | 1.1.2 | 16.60 | 241.05 | 257.65 | NOTE | |
| r-devel-linux-x86_64-debian-gcc | 1.1.2 | 12.22 | 160.37 | 172.59 | NOTE | |
| r-devel-linux-x86_64-fedora-clang | 1.1.2 | 30.00 | 247.12 | 277.12 | NOTE | |
| r-devel-linux-x86_64-fedora-gcc | 1.1.2 | 103.00 | 262.53 | 365.53 | NOTE | |
| r-devel-windows-x86_64 | 1.1.2 | 21.00 | 226.00 | 247.00 | OK | |
| r-patched-linux-x86_64 | 1.1.2 | 16.73 | 235.67 | 252.40 | OK | |
| r-release-linux-x86_64 | 1.1.2 | 15.02 | 234.21 | 249.23 | OK | |
| r-release-macos-arm64 | 1.1.2 | 7.00 | 112.00 | 119.00 | OK | |
| r-release-macos-x86_64 | 1.1.2 | 14.00 | 222.00 | 236.00 | OK | |
| r-release-windows-x86_64 | 1.1.2 | 20.00 | 223.00 | 243.00 | OK | |
| r-oldrel-macos-arm64 | 1.1.2 | 7.00 | 87.00 | 94.00 | OK | |
| r-oldrel-macos-x86_64 | 1.1.2 | 10.00 | 226.00 | 236.00 | OK | |
| r-oldrel-windows-x86_64 | 1.1.2 | 25.00 | 302.00 | 327.00 | OK |
Version: 1.1.2
Check: Rd files
Result: NOTE
checkRd: (-1) sad.Rd:9-36: Only 3 columns allowed in this table (row 8 has 1)
Flavors: r-devel-linux-x86_64-debian-clang, r-devel-linux-x86_64-debian-gcc, r-devel-linux-x86_64-fedora-clang, r-devel-linux-x86_64-fedora-gcc
These binaries (installable software) and packages are in development.
They may not be fully stable and should be used with caution. We make no claims about them.