Last updated on 2024-07-27 15:50:37 CEST.
Flavor | Version | Tinstall | Tcheck | Ttotal | Status | Flags |
---|---|---|---|---|---|---|
r-devel-linux-x86_64-debian-clang | 1.1.2 | 18.65 | 271.22 | 289.87 | OK | |
r-devel-linux-x86_64-debian-gcc | 1.1.2 | OK | ||||
r-devel-linux-x86_64-fedora-clang | 1.1.2 | 365.35 | NOTE | |||
r-devel-linux-x86_64-fedora-gcc | 1.1.2 | 345.83 | OK | |||
r-devel-windows-x86_64 | 1.1.2 | 19.00 | 198.00 | 217.00 | OK | |
r-patched-linux-x86_64 | 1.1.2 | OK | ||||
r-release-linux-x86_64 | 1.1.2 | 11.98 | 253.09 | 265.07 | OK | |
r-release-macos-arm64 | 1.1.2 | 94.00 | OK | |||
r-release-macos-x86_64 | 1.1.2 | 236.00 | OK | |||
r-release-windows-x86_64 | 1.1.2 | 18.00 | 204.00 | 222.00 | OK | |
r-oldrel-macos-arm64 | 1.1.2 | 102.00 | OK | |||
r-oldrel-macos-x86_64 | 1.1.2 | 167.00 | OK | |||
r-oldrel-windows-x86_64 | 1.1.2 | 21.00 | 249.00 | 270.00 | OK |
Version: 1.1.2
Check: Rd cross-references
Result: NOTE
Undeclared package ‘rlang’ in Rd xrefs
Flavor: r-devel-linux-x86_64-fedora-clang
These binaries (installable software) and packages are in development.
They may not be fully stable and should be used with caution. We make no claims about them.