Last updated on 2025-05-22 03:50:55 CEST.
Flavor | Version | Tinstall | Tcheck | Ttotal | Status | Flags |
---|---|---|---|---|---|---|
r-devel-linux-x86_64-debian-clang | 2.0.2 | 15.92 | 202.30 | 218.22 | NOTE | |
r-devel-linux-x86_64-debian-gcc | 2.0.2 | 11.23 | 128.24 | 139.47 | NOTE | |
r-devel-linux-x86_64-fedora-clang | 2.0.2 | 351.04 | OK | |||
r-devel-linux-x86_64-fedora-gcc | 2.0.2 | 359.21 | OK | |||
r-devel-windows-x86_64 | 2.0.2 | 17.00 | 268.00 | 285.00 | OK | |
r-patched-linux-x86_64 | 2.0.2 | 16.21 | 190.70 | 206.91 | OK | |
r-release-linux-x86_64 | 2.0.2 | 15.83 | 189.94 | 205.77 | OK | |
r-release-macos-arm64 | 2.0.2 | 91.00 | OK | |||
r-release-macos-x86_64 | 2.0.2 | 214.00 | OK | |||
r-release-windows-x86_64 | 2.0.2 | 18.00 | 292.00 | 310.00 | OK | |
r-oldrel-macos-arm64 | 2.0.2 | 97.00 | OK | |||
r-oldrel-macos-x86_64 | 2.0.2 | 299.00 | OK | |||
r-oldrel-windows-x86_64 | 2.0.2 | 22.00 | 299.00 | 321.00 | OK |
Version: 2.0.2
Check: CRAN incoming feasibility
Result: NOTE
Maintainer: ‘Juste Goungounga <juste.goungounga@ehesp.fr>’
No Authors@R field in DESCRIPTION.
Please add one, modifying
Authors@R: c(person(given = "Juste",
family = "Goungounga",
role = c("aut", "cre"),
email = "juste.goungounga@ehesp.fr",
comment = c(ORCID = "0000-0002-9039-2639")),
person(given = "Hadrien",
family = "Charvat",
role = "aut",
comment = c(ORCID = "0000-0003-3624-1394")),
person(given = "Darlin",
family = "Mba",
role = "aut",
comment = c(ORCID = "0000-0001-9768-0230")),
person(given = "Nathalie",
family = "Graffeo",
role = "aut",
comment = c(ORCID = "0000-0001-7227-7525")),
person(given = "Roch",
family = "Giorgi",
role = "aut",
comment = c(ORCID = "0000-0001-6135-3078")))
as necessary.
Flavors: r-devel-linux-x86_64-debian-clang, r-devel-linux-x86_64-debian-gcc
These binaries (installable software) and packages are in development.
They may not be fully stable and should be used with caution. We make no claims about them.