CRAN Package Check Results for Package xlr

Last updated on 2025-10-23 11:50:34 CEST.

Flavor Version Tinstall Tcheck Ttotal Status Flags
r-devel-linux-x86_64-debian-clang 1.0.3 7.39 117.29 124.68 NOTE
r-devel-linux-x86_64-debian-gcc 1.0.3 5.97 81.10 87.07 OK
r-devel-linux-x86_64-fedora-clang 1.0.3 47.00 152.88 199.88 OK
r-devel-linux-x86_64-fedora-gcc 1.0.3 14.00 179.02 193.02 OK
r-devel-windows-x86_64 1.0.3 9.00 120.00 129.00 OK
r-patched-linux-x86_64 1.0.3 6.55 107.51 114.06 OK
r-release-linux-x86_64 1.0.3 6.86 111.32 118.18 OK
r-release-macos-arm64 1.0.3 3.00 56.00 59.00 OK
r-release-macos-x86_64 1.0.3 10.00 114.00 124.00 OK
r-release-windows-x86_64 1.0.3 8.00 123.00 131.00 OK
r-oldrel-macos-arm64 1.0.3 3.00 52.00 55.00 OK
r-oldrel-macos-x86_64 1.0.3 6.00 105.00 111.00 OK
r-oldrel-windows-x86_64 1.0.3 11.00 161.00 172.00 OK

Check Details

Version: 1.0.3
Check: HTML version of manual
Result: NOTE Found the following HTML validation problems: clothes_opinions.html:78:1 (clothes_opinions.Rd:28): Warning: missing </ul> before </div> Flavor: r-devel-linux-x86_64-debian-clang

These binaries (installable software) and packages are in development.
They may not be fully stable and should be used with caution. We make no claims about them.