CRAN Package Check Results for Package xlsx2dfs

Last updated on 2025-11-15 03:50:35 CET.

Flavor Version Tinstall Tcheck Ttotal Status Flags
r-devel-linux-x86_64-debian-clang 0.1.0 2.22 32.14 34.36 OK
r-devel-linux-x86_64-debian-gcc 0.1.0 1.96 25.16 27.12 OK
r-devel-linux-x86_64-fedora-clang 0.1.0 53.50 OK
r-devel-linux-x86_64-fedora-gcc 0.1.0 64.69 OK
r-devel-windows-x86_64 0.1.0 5.00 55.00 60.00 OK
r-patched-linux-x86_64 0.1.0 2.10 30.41 32.51 OK
r-release-linux-x86_64 0.1.0 1.67 30.87 32.54 OK
r-release-macos-arm64 0.1.0 2.00 24.00 26.00 OK
r-release-macos-x86_64 0.1.0 2.00 48.00 50.00 OK
r-release-windows-x86_64 0.1.0 3.00 53.00 56.00 OK
r-oldrel-macos-arm64 0.1.0 1.00 23.00 24.00 NOTE
r-oldrel-macos-x86_64 0.1.0 2.00 35.00 37.00 NOTE
r-oldrel-windows-x86_64 0.1.0 5.00 60.00 65.00 NOTE

Check Details

Version: 0.1.0
Check: LazyData
Result: NOTE 'LazyData' is specified without a 'data' directory Flavors: r-oldrel-macos-arm64, r-oldrel-macos-x86_64, r-oldrel-windows-x86_64

These binaries (installable software) and packages are in development.
They may not be fully stable and should be used with caution. We make no claims about them.