Last updated on 2024-07-27 15:50:37 CEST.
Flavor | Version | Tinstall | Tcheck | Ttotal | Status | Flags |
---|---|---|---|---|---|---|
r-devel-linux-x86_64-debian-clang | 0.6.1 | 4.46 | 33.25 | 37.71 | OK | |
r-devel-linux-x86_64-debian-gcc | 0.6.1 | OK | ||||
r-devel-linux-x86_64-fedora-clang | 0.6.1 | 45.35 | NOTE | |||
r-devel-linux-x86_64-fedora-gcc | 0.6.1 | 42.88 | OK | |||
r-devel-windows-x86_64 | 0.6.1 | 6.00 | 44.00 | 50.00 | NOTE | |
r-patched-linux-x86_64 | 0.6.1 | OK | ||||
r-release-linux-x86_64 | 0.6.1 | 4.05 | 31.20 | 35.25 | OK | |
r-release-macos-arm64 | 0.6.1 | 18.00 | NOTE | |||
r-release-macos-x86_64 | 0.6.1 | 27.00 | NOTE | |||
r-release-windows-x86_64 | 0.6.1 | 5.00 | 43.00 | 48.00 | NOTE | |
r-oldrel-macos-arm64 | 0.6.1 | 19.00 | NOTE | |||
r-oldrel-macos-x86_64 | 0.6.1 | 29.00 | NOTE | |||
r-oldrel-windows-x86_64 | 0.6.1 | 5.00 | 45.00 | 50.00 | NOTE |
Version: 0.6.1
Check: installed package size
Result: NOTE
installed size is 10.8Mb
sub-directories of 1Mb or more:
java 10.7Mb
Flavors: r-devel-linux-x86_64-fedora-clang, r-devel-windows-x86_64, r-release-macos-arm64, r-release-macos-x86_64, r-release-windows-x86_64, r-oldrel-macos-arm64, r-oldrel-macos-x86_64, r-oldrel-windows-x86_64
These binaries (installable software) and packages are in development.
They may not be fully stable and should be used with caution. We make no claims about them.