Last updated on 2025-07-02 01:51:56 CEST.
Flavor | Version | Tinstall | Tcheck | Ttotal | Status | Flags |
---|---|---|---|---|---|---|
r-devel-linux-x86_64-debian-clang | 1.3.8 | 13.53 | 49.35 | 62.88 | OK | |
r-devel-linux-x86_64-debian-gcc | 1.3.8 | 10.44 | 36.19 | 46.63 | OK | |
r-devel-linux-x86_64-fedora-clang | 1.3.8 | 122.53 | OK | |||
r-devel-linux-x86_64-fedora-gcc | 1.3.8 | 108.32 | OK | |||
r-devel-windows-x86_64 | 1.3.8 | 34.00 | 87.00 | 121.00 | OK | |
r-patched-linux-x86_64 | OK | |||||
r-release-linux-x86_64 | 1.3.8 | 12.01 | 44.83 | 56.84 | OK | |
r-release-macos-arm64 | 1.3.8 | 43.00 | OK | |||
r-release-macos-x86_64 | 1.3.8 | 77.00 | OK | |||
r-release-windows-x86_64 | 1.3.8 | 34.00 | 87.00 | 121.00 | OK | |
r-oldrel-macos-arm64 | 1.3.8 | 100.00 | OK | |||
r-oldrel-macos-x86_64 | 1.3.8 | 201.00 | OK | |||
r-oldrel-windows-x86_64 | 1.3.8 | 1.00 | 9.00 | 10.00 | ERROR |
Version: 1.3.8
Check: whether package can be installed
Result: ERROR
Installation failed.
Flavor: r-oldrel-windows-x86_64
These binaries (installable software) and packages are in development.
They may not be fully stable and should be used with caution. We make no claims about them.