Last updated on 2025-11-12 12:53:27 CET.
| Flavor | Version | Tinstall | Tcheck | Ttotal | Status | Flags |
|---|---|---|---|---|---|---|
| r-devel-linux-x86_64-debian-clang | 0.1.1 | 2.36 | 26.75 | 29.11 | NOTE | |
| r-devel-linux-x86_64-debian-gcc | 0.1.1 | 1.63 | 20.72 | 22.35 | NOTE | |
| r-devel-linux-x86_64-fedora-clang | 0.1.1 | 42.86 | NOTE | |||
| r-devel-linux-x86_64-fedora-gcc | 0.1.1 | 39.76 | NOTE | |||
| r-devel-windows-x86_64 | 0.1.1 | 4.00 | 45.00 | 49.00 | NOTE | |
| r-patched-linux-x86_64 | 0.1.1 | 2.47 | 24.01 | 26.48 | OK | |
| r-release-linux-x86_64 | 0.1.1 | 2.31 | 24.15 | 26.46 | OK | |
| r-release-macos-arm64 | 0.1.1 | 1.00 | 18.00 | 19.00 | OK | |
| r-release-macos-x86_64 | 0.1.1 | 2.00 | 26.00 | 28.00 | OK | |
| r-release-windows-x86_64 | 0.1.1 | 5.00 | 42.00 | 47.00 | OK | |
| r-oldrel-macos-arm64 | 0.1.1 | 1.00 | 15.00 | 16.00 | OK | |
| r-oldrel-macos-x86_64 | 0.1.1 | 2.00 | 23.00 | 25.00 | OK | |
| r-oldrel-windows-x86_64 | 0.1.1 | 6.00 | 49.00 | 55.00 | OK |
Version: 0.1.1
Check: Rd files
Result: NOTE
checkRd: (-1) getCreateSQL.Rd:72-102: Only 4 columns allowed in this table (row 6 has 3)
checkRd: (-1) getCreateSQL.Rd:72-102: Only 4 columns allowed in this table (row 16 has 1)
Flavors: r-devel-linux-x86_64-debian-clang, r-devel-linux-x86_64-debian-gcc, r-devel-linux-x86_64-fedora-clang, r-devel-linux-x86_64-fedora-gcc, r-devel-windows-x86_64
These binaries (installable software) and packages are in development.
They may not be fully stable and should be used with caution. We make no claims about them.