Last updated on 2025-05-01 15:49:49 CEST.
Flavor | Version | Tinstall | Tcheck | Ttotal | Status | Flags |
---|---|---|---|---|---|---|
r-devel-linux-x86_64-debian-clang | 1.0.5 | 1.36 | 19.86 | 21.22 | NOTE | |
r-devel-linux-x86_64-debian-gcc | 1.0.5 | 1.34 | 16.45 | 17.79 | NOTE | |
r-devel-linux-x86_64-fedora-clang | 1.0.5 | 31.08 | OK | |||
r-devel-linux-x86_64-fedora-gcc | 1.0.5 | 30.33 | OK | |||
r-devel-windows-x86_64 | 1.0.5 | 2.00 | 44.00 | 46.00 | OK | |
r-patched-linux-x86_64 | 1.0.5 | 1.56 | 17.99 | 19.55 | OK | |
r-release-linux-x86_64 | OK | |||||
r-release-macos-arm64 | 1.0.5 | 16.00 | OK | |||
r-release-macos-x86_64 | 1.0.5 | 24.00 | OK | |||
r-release-windows-x86_64 | 1.0.5 | 2.00 | 48.00 | 50.00 | OK | |
r-oldrel-macos-arm64 | 1.0.5 | 18.00 | NOTE | |||
r-oldrel-macos-x86_64 | 1.0.5 | 26.00 | NOTE | |||
r-oldrel-windows-x86_64 | 1.0.5 | 3.00 | 41.00 | 44.00 | NOTE |
Version: 1.0.5
Check: CRAN incoming feasibility
Result: NOTE
Maintainer: ‘Gábor Csárdi <csardi.gabor@gmail.com>’
No Authors@R field in DESCRIPTION.
Please add one, modifying
Authors@R: person(given = "Gábor",
family = "Csárdi",
role = c("aut", "cre"),
email = "csardi.gabor@gmail.com")
as necessary.
Flavors: r-devel-linux-x86_64-debian-clang, r-devel-linux-x86_64-debian-gcc
Version: 1.0.5
Check: LazyData
Result: NOTE
'LazyData' is specified without a 'data' directory
Flavors: r-oldrel-macos-arm64, r-oldrel-macos-x86_64, r-oldrel-windows-x86_64
These binaries (installable software) and packages are in development.
They may not be fully stable and should be used with caution. We make no claims about them.