Last updated on 2025-05-01 15:49:49 CEST.
Flavor | Version | Tinstall | Tcheck | Ttotal | Status | Flags |
---|---|---|---|---|---|---|
r-devel-linux-x86_64-debian-clang | 1.1 | 2.18 | 23.82 | 26.00 | NOTE | |
r-devel-linux-x86_64-debian-gcc | 1.1 | 2.10 | 19.16 | 21.26 | NOTE | |
r-devel-linux-x86_64-fedora-clang | 1.1 | 41.17 | OK | |||
r-devel-linux-x86_64-fedora-gcc | 1.1 | 38.94 | OK | |||
r-devel-windows-x86_64 | 1.1 | 4.00 | 49.00 | 53.00 | OK | |
r-patched-linux-x86_64 | 1.1 | 2.07 | 23.01 | 25.08 | OK | |
r-release-linux-x86_64 | OK | |||||
r-release-macos-arm64 | 1.1 | 17.00 | OK | |||
r-release-macos-x86_64 | 1.1 | 29.00 | OK | |||
r-release-windows-x86_64 | 1.1 | 4.00 | 53.00 | 57.00 | OK | |
r-oldrel-macos-arm64 | 1.1 | 17.00 | OK | |||
r-oldrel-macos-x86_64 | 1.1 | 26.00 | OK | |||
r-oldrel-windows-x86_64 | 1.1 | 5.00 | 48.00 | 53.00 | OK |
Version: 1.1
Check: CRAN incoming feasibility
Result: NOTE
Maintainer: ‘Florian Schwendinger <FlorianSchwendinger@gmx.at>’
No Authors@R field in DESCRIPTION.
Please add one, modifying
Authors@R: person(given = "Florian",
family = "Schwendinger",
role = c("aut", "cre"),
email = "florianschwendinger@gmx.at")
as necessary.
Flavors: r-devel-linux-x86_64-debian-clang, r-devel-linux-x86_64-debian-gcc
These binaries (installable software) and packages are in development.
They may not be fully stable and should be used with caution. We make no claims about them.