Last updated on 2025-10-24 05:51:03 CEST.
| Flavor | Version | Tinstall | Tcheck | Ttotal | Status | Flags |
|---|---|---|---|---|---|---|
| r-devel-linux-x86_64-debian-clang | 0.1.1 | 23.38 | 29.95 | 53.33 | NOTE | |
| r-devel-linux-x86_64-debian-gcc | 0.1.1 | 17.74 | 23.99 | 41.73 | NOTE | |
| r-devel-linux-x86_64-fedora-clang | 0.1.1 | 122.00 | -25.47 | 96.53 | NOTE | |
| r-devel-linux-x86_64-fedora-gcc | 0.1.1 | 32.00 | 55.21 | 87.21 | NOTE | |
| r-devel-windows-x86_64 | 0.1.1 | 31.00 | 67.00 | 98.00 | NOTE | |
| r-patched-linux-x86_64 | 0.1.1 | 26.96 | 26.86 | 53.82 | NOTE | |
| r-release-linux-x86_64 | 0.1.1 | 23.93 | 26.88 | 50.81 | NOTE | |
| r-release-macos-arm64 | 0.1.1 | 9.00 | 17.00 | 26.00 | NOTE | |
| r-release-macos-x86_64 | 0.1.1 | 10.00 | 28.00 | 38.00 | NOTE | |
| r-release-windows-x86_64 | 0.1.1 | 30.00 | 67.00 | 97.00 | NOTE | |
| r-oldrel-macos-arm64 | 0.1.1 | 11.00 | 16.00 | 27.00 | OK | |
| r-oldrel-macos-x86_64 | 0.1.1 | 12.00 | 26.00 | 38.00 | OK | |
| r-oldrel-windows-x86_64 | 0.1.1 | 27.00 | 77.00 | 104.00 | OK |
Version: 0.1.1
Check: DESCRIPTION meta-information
Result: NOTE
Missing dependency on R >= 4.1.0 because package code uses the pipe
|> or function shorthand \(...) syntax added in R 4.1.0.
File(s) using such syntax:
‘add_frag.R’ ‘data_frag.R’ ‘elem.Rd’ ‘list_as_xml_document.R’
‘read_fragment.R’ ‘tag.R’ ‘write_xml.R’ ‘xml_fragment.R’
‘xmlbuilder.R’ ‘xmlbuilder.Rd’
Flavors: r-devel-linux-x86_64-debian-clang, r-devel-linux-x86_64-debian-gcc, r-devel-linux-x86_64-fedora-clang, r-devel-linux-x86_64-fedora-gcc, r-devel-windows-x86_64, r-patched-linux-x86_64, r-release-linux-x86_64, r-release-macos-arm64, r-release-macos-x86_64, r-release-windows-x86_64
These binaries (installable software) and packages are in development.
They may not be fully stable and should be used with caution. We make no claims about them.