CRAN Package Check Results for Package xmlwriter

Last updated on 2025-02-23 07:52:14 CET.

Flavor Version Tinstall Tcheck Ttotal Status Flags
r-devel-linux-x86_64-debian-clang 0.1.1 22.85 26.13 48.98 NOTE
r-devel-linux-x86_64-debian-gcc 0.1.1 18.52 20.22 38.74 NOTE
r-devel-linux-x86_64-fedora-clang 0.1.1 90.47 NOTE
r-devel-linux-x86_64-fedora-gcc 0.1.1 88.54 NOTE
r-devel-macos-arm64 0.1.1 24.00 OK
r-devel-macos-x86_64 0.1.1 37.00 NOTE
r-devel-windows-x86_64 0.1.1 27.00 64.00 91.00 NOTE
r-patched-linux-x86_64 0.1.1 25.36 24.94 50.30 OK
r-release-linux-x86_64 0.1.1 26.23 24.60 50.83 OK
r-release-macos-arm64 0.1.1 27.00 OK
r-release-macos-x86_64 0.1.1 38.00 OK
r-release-windows-x86_64 0.1.1 27.00 65.00 92.00 OK
r-oldrel-macos-arm64 0.1.1 28.00 OK
r-oldrel-macos-x86_64 0.1.1 40.00 OK
r-oldrel-windows-x86_64 0.1.1 27.00 78.00 105.00 OK

Check Details

Version: 0.1.1
Check: DESCRIPTION meta-information
Result: NOTE Missing dependency on R >= 4.1.0 because package code uses the pipe |> or function shorthand \(...) syntax added in R 4.1.0. File(s) using such syntax: ‘add_frag.R’ ‘data_frag.R’ ‘list_as_xml_document.R’ ‘read_fragment.R’ ‘tag.R’ ‘write_xml.R’ ‘xml_fragment.R’ ‘xmlbuilder.R’ Flavors: r-devel-linux-x86_64-debian-clang, r-devel-linux-x86_64-debian-gcc, r-devel-linux-x86_64-fedora-clang, r-devel-linux-x86_64-fedora-gcc, r-devel-macos-x86_64, r-devel-windows-x86_64

These binaries (installable software) and packages are in development.
They may not be fully stable and should be used with caution. We make no claims about them.