CRAN Package Check Results for Package xmrr

Last updated on 2025-05-01 12:49:45 CEST.

Flavor Version Tinstall Tcheck Ttotal Status Flags
r-devel-linux-x86_64-debian-clang 1.1.1 5.71 49.09 54.80 OK
r-devel-linux-x86_64-debian-gcc 1.1.1 3.43 36.04 39.47 OK
r-devel-linux-x86_64-fedora-clang 1.1.1 73.18 NOTE
r-devel-linux-x86_64-fedora-gcc 1.1.1 88.01 NOTE
r-devel-windows-x86_64 1.1.1 7.00 66.00 73.00 OK
r-patched-linux-x86_64 1.1.1 5.27 43.05 48.32 OK
r-release-linux-x86_64 OK
r-release-macos-arm64 1.1.1 32.00 OK
r-release-macos-x86_64 1.1.1 59.00 OK
r-release-windows-x86_64 1.1.1 8.00 69.00 77.00 OK
r-oldrel-macos-arm64 1.1.1 30.00 NOTE
r-oldrel-macos-x86_64 1.1.1 46.00 NOTE
r-oldrel-windows-x86_64 1.1.1 10.00 72.00 82.00 NOTE

Check Details

Version: 1.1.1
Check: dependencies in R code
Result: NOTE Namespaces in Imports field not imported from: ‘qpdf’ ‘rlang’ ‘tibble’ All declared Imports should be used. Flavors: r-devel-linux-x86_64-fedora-clang, r-devel-linux-x86_64-fedora-gcc

Version: 1.1.1
Check: LazyData
Result: NOTE 'LazyData' is specified without a 'data' directory Flavors: r-oldrel-macos-arm64, r-oldrel-macos-x86_64, r-oldrel-windows-x86_64

These binaries (installable software) and packages are in development.
They may not be fully stable and should be used with caution. We make no claims about them.