Last updated on 2025-02-23 01:51:58 CET.
Flavor | Version | Tinstall | Tcheck | Ttotal | Status | Flags |
---|---|---|---|---|---|---|
r-devel-linux-x86_64-debian-clang | 0.4.3 | 6.09 | 59.37 | 65.46 | OK | |
r-devel-linux-x86_64-debian-gcc | 0.4.3 | 4.26 | 43.17 | 47.43 | ERROR | |
r-devel-linux-x86_64-fedora-clang | 0.4.3 | 96.38 | ERROR | |||
r-devel-linux-x86_64-fedora-gcc | 0.4.3 | 79.49 | ERROR | |||
r-devel-macos-arm64 | 0.4.3 | 41.00 | OK | |||
r-devel-macos-x86_64 | 0.4.3 | 74.00 | OK | |||
r-devel-windows-x86_64 | 0.4.3 | 8.00 | 83.00 | 91.00 | OK | |
r-patched-linux-x86_64 | 0.4.3 | 6.74 | 54.15 | 60.89 | OK | |
r-release-linux-x86_64 | 0.4.3 | 5.49 | 53.95 | 59.44 | OK | |
r-release-macos-arm64 | 0.4.3 | 38.00 | OK | |||
r-release-macos-x86_64 | 0.4.3 | 57.00 | OK | |||
r-release-windows-x86_64 | 0.4.3 | 8.00 | 84.00 | 92.00 | OK | |
r-oldrel-macos-arm64 | 0.4.3 | 37.00 | OK | |||
r-oldrel-macos-x86_64 | 0.4.3 | 58.00 | OK | |||
r-oldrel-windows-x86_64 | 0.4.3 | 10.00 | 97.00 | 107.00 | OK |
Version: 0.4.3
Check: tests
Result: ERROR
Running ‘testthat.R’ [5s/6s]
Running the tests in ‘tests/testthat.R’ failed.
Complete output:
> library(testthat)
> library(xpectr)
>
> test_check("xpectr")
[ FAIL 8 | WARN 0 | SKIP 2 | PASS 620 ]
══ Skipped tests (2) ═══════════════════════════════════════════════════════════
• skipping due to breaking changes in R 4.0.0 (2):
'test_gxs_selection.R:1382:5', 'test_gxs_selection.R:1810:5'
══ Failed tests ════════════════════════════════════════════════════════════════
── Error ('test_create_expectations.R:76:3'): expectation are created properly with create_expectations_vector() ──
Error in `unlist(x, recursive, use.names)`: NA in coercion to Rboolean
Backtrace:
▆
1. ├─testthat::expect_equal(create_expectations_vector(vec_1), exp_vec_1) at test_create_expectations.R:76:3
2. │ └─testthat::quasi_label(enquo(object), label, arg = "object")
3. │ └─rlang::eval_bare(expr, quo_get_env(quo))
4. └─xpectr:::create_expectations_vector(vec_1)
5. └─xpectr::element_lengths(data, length)
6. └─base::unlist(lapply(x, length), use.names = keep_names)
── Error ('test_gxs_function.R:388:3'): gxs_function() works ───────────────────
Error in `unlist(x, recursive, use.names)`: NA in coercion to Rboolean
Backtrace:
▆
1. ├─testthat::expect_equal(...) at test_gxs_function.R:388:3
2. │ └─testthat::quasi_label(enquo(object), label, arg = "object")
3. │ └─rlang::eval_bare(expr, quo_get_env(quo))
4. ├─xpectr::strip(...)
5. │ └─checkmate::assert_character(...)
6. │ └─checkmate::checkCharacter(...)
7. │ └─... %and% ...
8. │ └─base::isTRUE(lhs)
9. ├─xpectr::gxs_function(...)
10. │ ├─... %>% unlist(recursive = TRUE)
11. │ └─plyr::llply(...)
12. │ ├─base::structure(lapply(pieces, .fun, ...), dim = dim(pieces))
13. │ └─base::lapply(pieces, .fun, ...)
14. │ └─xpectr (local) FUN(X[[i]], ...)
15. │ └─xpectr::gxs_selection(...)
16. │ └─xpectr:::create_expectations_vector(...)
17. │ └─xpectr::element_lengths(data, length)
18. │ └─base::unlist(lapply(x, length), use.names = keep_names)
19. └─base::unlist(., recursive = TRUE)
── Error ('test_gxs_function.R:893:3'): gxs_function() works with extra combinations ──
Error in `unlist(x, recursive, use.names)`: NA in coercion to Rboolean
Backtrace:
▆
1. ├─testthat::expect_equal(...) at test_gxs_function.R:893:3
2. │ └─testthat::quasi_label(enquo(object), label, arg = "object")
3. │ └─rlang::eval_bare(expr, quo_get_env(quo))
4. ├─xpectr::strip(...)
5. │ └─checkmate::assert_character(...)
6. │ └─checkmate::checkCharacter(...)
7. │ └─... %and% ...
8. │ └─base::isTRUE(lhs)
9. ├─xpectr::gxs_function(...)
10. │ ├─... %>% unlist(recursive = TRUE)
11. │ └─plyr::llply(...)
12. │ ├─base::structure(lapply(pieces, .fun, ...), dim = dim(pieces))
13. │ └─base::lapply(pieces, .fun, ...)
14. │ └─xpectr (local) FUN(X[[i]], ...)
15. │ └─xpectr::gxs_selection(...)
16. │ └─xpectr:::create_expectations_vector(...)
17. │ └─xpectr::element_lengths(data, length)
18. │ └─base::unlist(lapply(x, length), use.names = keep_names)
19. └─base::unlist(., recursive = TRUE)
── Error ('test_gxs_selection.R:420:3'): list of lists expectations are created properly with gxs_selection() ──
Error in `unlist(x, recursive, use.names)`: NA in coercion to Rboolean
Backtrace:
▆
1. └─xpectr::gxs_selection("l2", sample_n = 2, out = "return") at test_gxs_selection.R:420:3
2. └─xpectr:::create_expectations_vector(...)
3. └─xpectr::element_lengths(data, length)
4. └─base::unlist(lapply(x, length), use.names = keep_names)
── Error ('test_gxs_selection.R:531:3'): vector expectations are created properly with gxs_selection() ──
Error in `unlist(x, recursive, use.names)`: NA in coercion to Rboolean
Backtrace:
▆
1. └─xpectr::gxs_selection("vec_1", out = "return") at test_gxs_selection.R:531:3
2. └─xpectr:::create_expectations_vector(...)
3. └─xpectr::element_lengths(data, length)
4. └─base::unlist(lapply(x, length), use.names = keep_names)
── Error ('test_gxs_selection.R:687:3'): NA expectations are created properly with gxs_selection() ──
Error in `unlist(x, recursive, use.names)`: NA in coercion to Rboolean
Backtrace:
▆
1. └─xpectr::gxs_selection("NA", out = "return") at test_gxs_selection.R:687:3
2. └─xpectr:::create_expectations_vector(...)
3. └─xpectr::element_lengths(data, length)
4. └─base::unlist(lapply(x, length), use.names = keep_names)
── Error ('test_gxs_selection.R:788:3'): single number expectations are created properly with gxs_selection() ──
Error in `unlist(x, recursive, use.names)`: NA in coercion to Rboolean
Backtrace:
▆
1. └─xpectr::gxs_selection("1", out = "return") at test_gxs_selection.R:788:3
2. └─xpectr:::create_expectations_vector(...)
3. └─xpectr::element_lengths(data, length)
4. └─base::unlist(lapply(x, length), use.names = keep_names)
── Error ('test_gxs_selection.R:2230:3'): round_to_tolerance argument is properly used ──
Error in `unlist(x, recursive, use.names)`: NA in coercion to Rboolean
Backtrace:
▆
1. └─xpectr::gxs_selection(...) at test_gxs_selection.R:2230:3
2. └─xpectr:::create_expectations_vector(...)
3. └─xpectr::element_lengths(data, length)
4. └─base::unlist(lapply(x, length), use.names = keep_names)
[ FAIL 8 | WARN 0 | SKIP 2 | PASS 620 ]
Error: Test failures
Execution halted
Flavor: r-devel-linux-x86_64-debian-gcc
Version: 0.4.3
Check: tests
Result: ERROR
Running ‘testthat.R’ [11s/11s]
Running the tests in ‘tests/testthat.R’ failed.
Complete output:
> library(testthat)
> library(xpectr)
>
> test_check("xpectr")
[ FAIL 8 | WARN 0 | SKIP 2 | PASS 620 ]
══ Skipped tests (2) ═══════════════════════════════════════════════════════════
• skipping due to breaking changes in R 4.0.0 (2):
'test_gxs_selection.R:1382:5', 'test_gxs_selection.R:1810:5'
══ Failed tests ════════════════════════════════════════════════════════════════
── Error ('test_create_expectations.R:76:3'): expectation are created properly with create_expectations_vector() ──
Error in `unlist(x, recursive, use.names)`: NA in coercion to Rboolean
Backtrace:
▆
1. ├─testthat::expect_equal(create_expectations_vector(vec_1), exp_vec_1) at test_create_expectations.R:76:3
2. │ └─testthat::quasi_label(enquo(object), label, arg = "object")
3. │ └─rlang::eval_bare(expr, quo_get_env(quo))
4. └─xpectr:::create_expectations_vector(vec_1)
5. └─xpectr::element_lengths(data, length)
6. └─base::unlist(lapply(x, length), use.names = keep_names)
── Error ('test_gxs_function.R:388:3'): gxs_function() works ───────────────────
Error in `unlist(x, recursive, use.names)`: NA in coercion to Rboolean
Backtrace:
▆
1. ├─testthat::expect_equal(...) at test_gxs_function.R:388:3
2. │ └─testthat::quasi_label(enquo(object), label, arg = "object")
3. │ └─rlang::eval_bare(expr, quo_get_env(quo))
4. ├─xpectr::strip(...)
5. │ └─checkmate::assert_character(...)
6. │ └─checkmate::checkCharacter(...)
7. │ └─... %and% ...
8. │ └─base::isTRUE(lhs)
9. ├─xpectr::gxs_function(...)
10. │ ├─... %>% unlist(recursive = TRUE)
11. │ └─plyr::llply(...)
12. │ ├─base::structure(lapply(pieces, .fun, ...), dim = dim(pieces))
13. │ └─base::lapply(pieces, .fun, ...)
14. │ └─xpectr (local) FUN(X[[i]], ...)
15. │ └─xpectr::gxs_selection(...)
16. │ └─xpectr:::create_expectations_vector(...)
17. │ └─xpectr::element_lengths(data, length)
18. │ └─base::unlist(lapply(x, length), use.names = keep_names)
19. └─base::unlist(., recursive = TRUE)
── Error ('test_gxs_function.R:893:3'): gxs_function() works with extra combinations ──
Error in `unlist(x, recursive, use.names)`: NA in coercion to Rboolean
Backtrace:
▆
1. ├─testthat::expect_equal(...) at test_gxs_function.R:893:3
2. │ └─testthat::quasi_label(enquo(object), label, arg = "object")
3. │ └─rlang::eval_bare(expr, quo_get_env(quo))
4. ├─xpectr::strip(...)
5. │ └─checkmate::assert_character(...)
6. │ └─checkmate::checkCharacter(...)
7. │ └─... %and% ...
8. │ └─base::isTRUE(lhs)
9. ├─xpectr::gxs_function(...)
10. │ ├─... %>% unlist(recursive = TRUE)
11. │ └─plyr::llply(...)
12. │ ├─base::structure(lapply(pieces, .fun, ...), dim = dim(pieces))
13. │ └─base::lapply(pieces, .fun, ...)
14. │ └─xpectr (local) FUN(X[[i]], ...)
15. │ └─xpectr::gxs_selection(...)
16. │ └─xpectr:::create_expectations_vector(...)
17. │ └─xpectr::element_lengths(data, length)
18. │ └─base::unlist(lapply(x, length), use.names = keep_names)
19. └─base::unlist(., recursive = TRUE)
── Error ('test_gxs_selection.R:420:3'): list of lists expectations are created properly with gxs_selection() ──
Error in `unlist(x, recursive, use.names)`: NA in coercion to Rboolean
Backtrace:
▆
1. └─xpectr::gxs_selection("l2", sample_n = 2, out = "return") at test_gxs_selection.R:420:3
2. └─xpectr:::create_expectations_vector(...)
3. └─xpectr::element_lengths(data, length)
4. └─base::unlist(lapply(x, length), use.names = keep_names)
── Error ('test_gxs_selection.R:531:3'): vector expectations are created properly with gxs_selection() ──
Error in `unlist(x, recursive, use.names)`: NA in coercion to Rboolean
Backtrace:
▆
1. └─xpectr::gxs_selection("vec_1", out = "return") at test_gxs_selection.R:531:3
2. └─xpectr:::create_expectations_vector(...)
3. └─xpectr::element_lengths(data, length)
4. └─base::unlist(lapply(x, length), use.names = keep_names)
── Error ('test_gxs_selection.R:687:3'): NA expectations are created properly with gxs_selection() ──
Error in `unlist(x, recursive, use.names)`: NA in coercion to Rboolean
Backtrace:
▆
1. └─xpectr::gxs_selection("NA", out = "return") at test_gxs_selection.R:687:3
2. └─xpectr:::create_expectations_vector(...)
3. └─xpectr::element_lengths(data, length)
4. └─base::unlist(lapply(x, length), use.names = keep_names)
── Error ('test_gxs_selection.R:788:3'): single number expectations are created properly with gxs_selection() ──
Error in `unlist(x, recursive, use.names)`: NA in coercion to Rboolean
Backtrace:
▆
1. └─xpectr::gxs_selection("1", out = "return") at test_gxs_selection.R:788:3
2. └─xpectr:::create_expectations_vector(...)
3. └─xpectr::element_lengths(data, length)
4. └─base::unlist(lapply(x, length), use.names = keep_names)
── Error ('test_gxs_selection.R:2230:3'): round_to_tolerance argument is properly used ──
Error in `unlist(x, recursive, use.names)`: NA in coercion to Rboolean
Backtrace:
▆
1. └─xpectr::gxs_selection(...) at test_gxs_selection.R:2230:3
2. └─xpectr:::create_expectations_vector(...)
3. └─xpectr::element_lengths(data, length)
4. └─base::unlist(lapply(x, length), use.names = keep_names)
[ FAIL 8 | WARN 0 | SKIP 2 | PASS 620 ]
Error: Test failures
Execution halted
Flavor: r-devel-linux-x86_64-fedora-clang
Version: 0.4.3
Check: tests
Result: ERROR
Running ‘testthat.R’
Running the tests in ‘tests/testthat.R’ failed.
Complete output:
> library(testthat)
> library(xpectr)
>
> test_check("xpectr")
[ FAIL 8 | WARN 0 | SKIP 2 | PASS 620 ]
══ Skipped tests (2) ═══════════════════════════════════════════════════════════
• skipping due to breaking changes in R 4.0.0 (2):
'test_gxs_selection.R:1382:5', 'test_gxs_selection.R:1810:5'
══ Failed tests ════════════════════════════════════════════════════════════════
── Error ('test_create_expectations.R:76:3'): expectation are created properly with create_expectations_vector() ──
Error in `unlist(x, recursive, use.names)`: NA in coercion to Rboolean
Backtrace:
▆
1. ├─testthat::expect_equal(create_expectations_vector(vec_1), exp_vec_1) at test_create_expectations.R:76:3
2. │ └─testthat::quasi_label(enquo(object), label, arg = "object")
3. │ └─rlang::eval_bare(expr, quo_get_env(quo))
4. └─xpectr:::create_expectations_vector(vec_1)
5. └─xpectr::element_lengths(data, length)
6. └─base::unlist(lapply(x, length), use.names = keep_names)
── Error ('test_gxs_function.R:388:3'): gxs_function() works ───────────────────
Error in `unlist(x, recursive, use.names)`: NA in coercion to Rboolean
Backtrace:
▆
1. ├─testthat::expect_equal(...) at test_gxs_function.R:388:3
2. │ └─testthat::quasi_label(enquo(object), label, arg = "object")
3. │ └─rlang::eval_bare(expr, quo_get_env(quo))
4. ├─xpectr::strip(...)
5. │ └─checkmate::assert_character(...)
6. │ └─checkmate::checkCharacter(...)
7. │ └─... %and% ...
8. │ └─base::isTRUE(lhs)
9. ├─xpectr::gxs_function(...)
10. │ ├─... %>% unlist(recursive = TRUE)
11. │ └─plyr::llply(...)
12. │ ├─base::structure(lapply(pieces, .fun, ...), dim = dim(pieces))
13. │ └─base::lapply(pieces, .fun, ...)
14. │ └─xpectr (local) FUN(X[[i]], ...)
15. │ └─xpectr::gxs_selection(...)
16. │ └─xpectr:::create_expectations_vector(...)
17. │ └─xpectr::element_lengths(data, length)
18. │ └─base::unlist(lapply(x, length), use.names = keep_names)
19. └─base::unlist(., recursive = TRUE)
── Error ('test_gxs_function.R:893:3'): gxs_function() works with extra combinations ──
Error in `unlist(x, recursive, use.names)`: NA in coercion to Rboolean
Backtrace:
▆
1. ├─testthat::expect_equal(...) at test_gxs_function.R:893:3
2. │ └─testthat::quasi_label(enquo(object), label, arg = "object")
3. │ └─rlang::eval_bare(expr, quo_get_env(quo))
4. ├─xpectr::strip(...)
5. │ └─checkmate::assert_character(...)
6. │ └─checkmate::checkCharacter(...)
7. │ └─... %and% ...
8. │ └─base::isTRUE(lhs)
9. ├─xpectr::gxs_function(...)
10. │ ├─... %>% unlist(recursive = TRUE)
11. │ └─plyr::llply(...)
12. │ ├─base::structure(lapply(pieces, .fun, ...), dim = dim(pieces))
13. │ └─base::lapply(pieces, .fun, ...)
14. │ └─xpectr (local) FUN(X[[i]], ...)
15. │ └─xpectr::gxs_selection(...)
16. │ └─xpectr:::create_expectations_vector(...)
17. │ └─xpectr::element_lengths(data, length)
18. │ └─base::unlist(lapply(x, length), use.names = keep_names)
19. └─base::unlist(., recursive = TRUE)
── Error ('test_gxs_selection.R:420:3'): list of lists expectations are created properly with gxs_selection() ──
Error in `unlist(x, recursive, use.names)`: NA in coercion to Rboolean
Backtrace:
▆
1. └─xpectr::gxs_selection("l2", sample_n = 2, out = "return") at test_gxs_selection.R:420:3
2. └─xpectr:::create_expectations_vector(...)
3. └─xpectr::element_lengths(data, length)
4. └─base::unlist(lapply(x, length), use.names = keep_names)
── Error ('test_gxs_selection.R:531:3'): vector expectations are created properly with gxs_selection() ──
Error in `unlist(x, recursive, use.names)`: NA in coercion to Rboolean
Backtrace:
▆
1. └─xpectr::gxs_selection("vec_1", out = "return") at test_gxs_selection.R:531:3
2. └─xpectr:::create_expectations_vector(...)
3. └─xpectr::element_lengths(data, length)
4. └─base::unlist(lapply(x, length), use.names = keep_names)
── Error ('test_gxs_selection.R:687:3'): NA expectations are created properly with gxs_selection() ──
Error in `unlist(x, recursive, use.names)`: NA in coercion to Rboolean
Backtrace:
▆
1. └─xpectr::gxs_selection("NA", out = "return") at test_gxs_selection.R:687:3
2. └─xpectr:::create_expectations_vector(...)
3. └─xpectr::element_lengths(data, length)
4. └─base::unlist(lapply(x, length), use.names = keep_names)
── Error ('test_gxs_selection.R:788:3'): single number expectations are created properly with gxs_selection() ──
Error in `unlist(x, recursive, use.names)`: NA in coercion to Rboolean
Backtrace:
▆
1. └─xpectr::gxs_selection("1", out = "return") at test_gxs_selection.R:788:3
2. └─xpectr:::create_expectations_vector(...)
3. └─xpectr::element_lengths(data, length)
4. └─base::unlist(lapply(x, length), use.names = keep_names)
── Error ('test_gxs_selection.R:2230:3'): round_to_tolerance argument is properly used ──
Error in `unlist(x, recursive, use.names)`: NA in coercion to Rboolean
Backtrace:
▆
1. └─xpectr::gxs_selection(...) at test_gxs_selection.R:2230:3
2. └─xpectr:::create_expectations_vector(...)
3. └─xpectr::element_lengths(data, length)
4. └─base::unlist(lapply(x, length), use.names = keep_names)
[ FAIL 8 | WARN 0 | SKIP 2 | PASS 620 ]
Error: Test failures
Execution halted
Flavor: r-devel-linux-x86_64-fedora-gcc
These binaries (installable software) and packages are in development.
They may not be fully stable and should be used with caution. We make no claims about them.