Last updated on 2025-02-16 08:51:05 CET.
Flavor | Version | Tinstall | Tcheck | Ttotal | Status | Flags |
---|---|---|---|---|---|---|
r-devel-linux-x86_64-debian-clang | 0.4.0 | 8.74 | 70.21 | 78.95 | OK | |
r-devel-linux-x86_64-debian-gcc | 0.4.0 | 5.74 | 49.40 | 55.14 | OK | |
r-devel-linux-x86_64-fedora-clang | 0.4.0 | 128.98 | OK | |||
r-devel-linux-x86_64-fedora-gcc | 0.4.0 | 118.56 | OK | |||
r-devel-macos-arm64 | 0.4.0 | 38.00 | OK | |||
r-devel-macos-x86_64 | 0.4.0 | 96.00 | OK | |||
r-devel-windows-x86_64 | 0.4.0 | 10.00 | 77.00 | 87.00 | OK | |
r-patched-linux-x86_64 | 0.4.0 | 8.49 | 63.25 | 71.74 | OK | |
r-release-linux-x86_64 | 0.4.0 | 8.75 | 62.51 | 71.26 | OK | |
r-release-macos-arm64 | 0.4.0 | 40.00 | OK | |||
r-release-macos-x86_64 | 0.4.0 | 52.00 | OK | |||
r-release-windows-x86_64 | 0.4.0 | 10.00 | 88.00 | 98.00 | OK | |
r-oldrel-macos-arm64 | 0.4.0 | 39.00 | OK | |||
r-oldrel-macos-x86_64 | 0.4.0 | 62.00 | NOTE | |||
r-oldrel-windows-x86_64 | 0.4.0 | 14.00 | 108.00 | 122.00 | OK |
Version: 0.4.0
Check: package dependencies
Result: NOTE
Package suggested but not available for checking: ‘nlmixr2’
Flavor: r-oldrel-macos-x86_64
These binaries (installable software) and packages are in development.
They may not be fully stable and should be used with caution. We make no claims about them.