CRAN Package Check Results for Package xrnet

Last updated on 2025-05-08 04:52:23 CEST.

Flavor Version Tinstall Tcheck Ttotal Status Flags
r-devel-linux-x86_64-debian-clang 1.0.0 82.41 50.66 133.07 OK
r-devel-linux-x86_64-debian-gcc 1.0.0 71.61 43.25 114.86 OK
r-devel-linux-x86_64-fedora-clang 1.0.0 208.39 OK
r-devel-linux-x86_64-fedora-gcc 1.0.0 294.99 OK
r-devel-windows-x86_64 1.0.0 90.00 101.00 191.00 OK
r-patched-linux-x86_64 1.0.0 93.80 54.97 148.77 OK
r-release-linux-x86_64 1.0.0 93.96 54.67 148.63 OK
r-release-macos-arm64 1.0.0 65.00 OK
r-release-macos-x86_64 1.0.0 93.00 OK
r-release-windows-x86_64 1.0.0 90.00 105.00 195.00 OK
r-oldrel-macos-arm64 1.0.0 70.00 NOTE
r-oldrel-macos-x86_64 1.0.0 128.00 NOTE
r-oldrel-windows-x86_64 1.0.0 101.00 119.00 220.00 OK

Check Details

Version: 1.0.0
Check: installed package size
Result: NOTE installed size is 25.2Mb sub-directories of 1Mb or more: libs 24.7Mb Flavors: r-oldrel-macos-arm64, r-oldrel-macos-x86_64

These binaries (installable software) and packages are in development.
They may not be fully stable and should be used with caution. We make no claims about them.