Last updated on 2025-10-24 11:51:04 CEST.
| Flavor | Version | Tinstall | Tcheck | Ttotal | Status | Flags |
|---|---|---|---|---|---|---|
| r-devel-linux-x86_64-debian-clang | 0.1.0 | 13.56 | 221.14 | 234.70 | NOTE | |
| r-devel-linux-x86_64-debian-gcc | 0.1.0 | 9.41 | 130.46 | 139.87 | NOTE | |
| r-devel-linux-x86_64-fedora-clang | 0.1.0 | 54.00 | 308.86 | 362.86 | OK | |
| r-devel-linux-x86_64-fedora-gcc | 0.1.0 | 70.00 | 324.65 | 394.65 | OK | |
| r-devel-windows-x86_64 | 0.1.0 | 17.00 | 188.00 | 205.00 | OK | |
| r-patched-linux-x86_64 | 0.1.0 | 11.57 | 204.17 | 215.74 | OK | |
| r-release-linux-x86_64 | 0.1.0 | 11.43 | 201.44 | 212.87 | OK | |
| r-release-macos-arm64 | 0.1.0 | 7.00 | 100.00 | 107.00 | OK | |
| r-release-macos-x86_64 | 0.1.0 | 12.00 | 170.00 | 182.00 | OK | |
| r-release-windows-x86_64 | 0.1.0 | 16.00 | 190.00 | 206.00 | OK | |
| r-oldrel-macos-arm64 | 0.1.0 | 6.00 | 85.00 | 91.00 | OK | |
| r-oldrel-macos-x86_64 | 0.1.0 | 10.00 | 130.00 | 140.00 | OK | |
| r-oldrel-windows-x86_64 | 0.1.0 | 23.00 | 256.00 | 279.00 | OK |
Version: 0.1.0
Check: CRAN incoming feasibility
Result: NOTE
Maintainer: ‘Joao Claudio Macosso <joaoclaudiomacosso@gmail.com>’
No Authors@R field in DESCRIPTION.
Please add one, modifying
Authors@R: person(given = c("Joao", "Claudio"),
family = "Macosso",
role = c("aut", "cre"),
email = "joaoclaudiomacosso@gmail.com")
as necessary.
Flavors: r-devel-linux-x86_64-debian-clang, r-devel-linux-x86_64-debian-gcc
These binaries (installable software) and packages are in development.
They may not be fully stable and should be used with caution. We make no claims about them.