Last updated on 2024-07-27 15:50:37 CEST.
Flavor | Version | Tinstall | Tcheck | Ttotal | Status | Flags |
---|---|---|---|---|---|---|
r-devel-linux-x86_64-debian-clang | 2.0.0 | 10.79 | 251.31 | 262.10 | OK | |
r-devel-linux-x86_64-debian-gcc | 2.0.0 | NOTE | ||||
r-devel-linux-x86_64-fedora-clang | 2.0.0 | 318.89 | OK | |||
r-devel-linux-x86_64-fedora-gcc | 2.0.0 | 335.85 | OK | |||
r-devel-windows-x86_64 | 2.0.0 | 11.00 | 208.00 | 219.00 | NOTE | |
r-patched-linux-x86_64 | 2.0.0 | OK | ||||
r-release-linux-x86_64 | 2.0.0 | 10.33 | 249.88 | 260.21 | OK | |
r-release-macos-arm64 | 2.0.0 | 103.00 | OK | |||
r-release-macos-x86_64 | 2.0.0 | 164.00 | OK | |||
r-release-windows-x86_64 | 2.0.0 | 10.00 | 211.00 | 221.00 | OK | |
r-oldrel-macos-arm64 | 2.0.0 | 106.00 | OK | |||
r-oldrel-macos-x86_64 | 2.0.0 | 421.00 | OK | |||
r-oldrel-windows-x86_64 | 2.0.0 | 14.00 | 253.00 | 267.00 | OK |
Version: 2.0.0
Check: Rd cross-references
Result: NOTE
Found the following Rd file(s) with Rd \link{} targets missing package
anchors:
estimateVariance.Rd: selectiveInference
xtune.Rd: glmnet
Please provide package anchors for all Rd \link{} targets not in the
package itself and the base packages.
Flavors: r-devel-linux-x86_64-debian-gcc, r-devel-windows-x86_64
These binaries (installable software) and packages are in development.
They may not be fully stable and should be used with caution. We make no claims about them.