Last updated on 2025-02-23 01:51:58 CET.
Flavor | Version | Tinstall | Tcheck | Ttotal | Status | Flags |
---|---|---|---|---|---|---|
r-devel-linux-x86_64-debian-clang | 2.0.0 | 9.89 | 191.57 | 201.46 | NOTE | |
r-devel-linux-x86_64-debian-gcc | 2.0.0 | 6.22 | 117.51 | 123.73 | NOTE | |
r-devel-linux-x86_64-fedora-clang | 2.0.0 | 300.18 | OK | |||
r-devel-linux-x86_64-fedora-gcc | 2.0.0 | 337.19 | OK | |||
r-devel-macos-arm64 | 2.0.0 | 98.00 | OK | |||
r-devel-macos-x86_64 | 2.0.0 | 253.00 | OK | |||
r-devel-windows-x86_64 | 2.0.0 | 10.00 | 209.00 | 219.00 | NOTE | |
r-patched-linux-x86_64 | 2.0.0 | 12.02 | 189.81 | 201.83 | OK | |
r-release-linux-x86_64 | 2.0.0 | 9.63 | 191.61 | 201.24 | OK | |
r-release-macos-arm64 | 2.0.0 | 103.00 | OK | |||
r-release-macos-x86_64 | 2.0.0 | 164.00 | OK | |||
r-release-windows-x86_64 | 2.0.0 | 11.00 | 209.00 | 220.00 | OK | |
r-oldrel-macos-arm64 | 2.0.0 | 106.00 | OK | |||
r-oldrel-macos-x86_64 | 2.0.0 | 421.00 | OK | |||
r-oldrel-windows-x86_64 | 2.0.0 | 14.00 | 258.00 | 272.00 | OK |
Version: 2.0.0
Check: Rd cross-references
Result: NOTE
Found the following Rd file(s) with Rd \link{} targets missing package
anchors:
estimateVariance.Rd: selectiveInference
xtune.Rd: glmnet
Please provide package anchors for all Rd \link{} targets not in the
package itself and the base packages.
Flavors: r-devel-linux-x86_64-debian-clang, r-devel-linux-x86_64-debian-gcc, r-devel-windows-x86_64
These binaries (installable software) and packages are in development.
They may not be fully stable and should be used with caution. We make no claims about them.