Last updated on 2024-07-27 15:50:37 CEST.
Flavor | Version | Tinstall | Tcheck | Ttotal | Status | Flags |
---|---|---|---|---|---|---|
r-devel-linux-x86_64-debian-clang | 1.3.1 | 15.19 | 236.92 | 252.11 | OK | |
r-devel-linux-x86_64-debian-gcc | 1.3.1 | NOTE | ||||
r-devel-linux-x86_64-fedora-clang | 1.3.1 | 338.07 | NOTE | |||
r-devel-linux-x86_64-fedora-gcc | 1.3.1 | 309.47 | OK | |||
r-devel-windows-x86_64 | 1.3.1 | 15.00 | 205.00 | 220.00 | NOTE | |
r-patched-linux-x86_64 | 1.3.1 | OK | ||||
r-release-linux-x86_64 | 1.3.1 | 15.68 | 228.00 | 243.68 | OK | |
r-release-macos-arm64 | 1.3.1 | 88.00 | OK | |||
r-release-macos-x86_64 | 1.3.1 | 157.00 | OK | |||
r-release-windows-x86_64 | 1.3.1 | 14.00 | 206.00 | 220.00 | OK | |
r-oldrel-macos-arm64 | 1.3.1 | 89.00 | OK | |||
r-oldrel-macos-x86_64 | 1.3.1 | 219.00 | OK | |||
r-oldrel-windows-x86_64 | 1.3.1 | 20.00 | 265.00 | 285.00 | OK |
Version: 1.3.1
Check: Rd cross-references
Result: NOTE
Found the following Rd file(s) with Rd \link{} targets missing package
anchors:
lung_surv.Rd: lung
Please provide package anchors for all Rd \link{} targets not in the
package itself and the base packages.
Flavors: r-devel-linux-x86_64-debian-gcc, r-devel-windows-x86_64
Version: 1.3.1
Check: Rd cross-references
Result: NOTE
Undeclared package ‘parsnip’ in Rd xrefs
Flavor: r-devel-linux-x86_64-fedora-clang
These binaries (installable software) and packages are in development.
They may not be fully stable and should be used with caution. We make no claims about them.