Last updated on 2025-11-12 12:53:27 CET.
| Flavor | Version | Tinstall | Tcheck | Ttotal | Status | Flags |
|---|---|---|---|---|---|---|
| r-devel-linux-x86_64-debian-clang | 0.1.14 | 12.62 | 124.20 | 136.82 | OK | |
| r-devel-linux-x86_64-debian-gcc | 0.1.14 | 7.74 | 89.44 | 97.18 | OK | |
| r-devel-linux-x86_64-fedora-clang | 0.1.14 | 55.00 | 158.94 | 213.94 | OK | |
| r-devel-linux-x86_64-fedora-gcc | 0.1.14 | 22.00 | 178.69 | 200.69 | OK | |
| r-devel-windows-x86_64 | 0.1.14 | 15.00 | 116.00 | 131.00 | OK | |
| r-patched-linux-x86_64 | 0.1.14 | 9.68 | 117.68 | 127.36 | OK | |
| r-release-linux-x86_64 | 0.1.14 | 12.05 | 117.36 | 129.41 | OK | |
| r-release-macos-arm64 | 0.1.14 | 6.00 | 57.00 | 63.00 | OK | |
| r-release-macos-x86_64 | 0.1.14 | 13.00 | 133.00 | 146.00 | OK | |
| r-release-windows-x86_64 | 0.1.14 | 13.00 | 115.00 | 128.00 | OK | |
| r-oldrel-macos-arm64 | 0.1.14 | 5.00 | 56.00 | 61.00 | NOTE | |
| r-oldrel-macos-x86_64 | 0.1.14 | 10.00 | 125.00 | 135.00 | NOTE | |
| r-oldrel-windows-x86_64 | 0.1.14 | 18.00 | 147.00 | 165.00 | NOTE |
Version: 0.1.14
Check: installed package size
Result: NOTE
installed size is 5.3Mb
sub-directories of 1Mb or more:
doc 2.1Mb
Flavors: r-oldrel-macos-arm64, r-oldrel-macos-x86_64, r-oldrel-windows-x86_64
These binaries (installable software) and packages are in development.
They may not be fully stable and should be used with caution. We make no claims about them.