CRAN Package Check Results for Package yarrr

Last updated on 2025-10-23 15:50:18 CEST.

Flavor Version Tinstall Tcheck Ttotal Status Flags
r-devel-linux-x86_64-debian-clang 0.1.14 11.59 130.50 142.09 OK
r-devel-linux-x86_64-debian-gcc 0.1.14 8.23 94.14 102.37 OK
r-devel-linux-x86_64-fedora-clang 0.1.14 60.00 164.37 224.37 OK
r-devel-linux-x86_64-fedora-gcc 0.1.14 25.00 196.25 221.25 OK
r-devel-windows-x86_64 0.1.14 13.00 119.00 132.00 OK
r-patched-linux-x86_64 0.1.14 11.52 124.38 135.90 OK
r-release-linux-x86_64 0.1.14 9.96 125.32 135.28 OK
r-release-macos-arm64 0.1.14 6.00 57.00 63.00 OK
r-release-macos-x86_64 0.1.14 13.00 133.00 146.00 OK
r-release-windows-x86_64 0.1.14 14.00 120.00 134.00 OK
r-oldrel-macos-arm64 0.1.14 5.00 56.00 61.00 NOTE
r-oldrel-macos-x86_64 0.1.14 10.00 125.00 135.00 NOTE
r-oldrel-windows-x86_64 0.1.14 17.00 154.00 171.00 NOTE

Check Details

Version: 0.1.14
Check: installed package size
Result: NOTE installed size is 5.3Mb sub-directories of 1Mb or more: doc 2.1Mb Flavors: r-oldrel-macos-arm64, r-oldrel-macos-x86_64, r-oldrel-windows-x86_64

These binaries (installable software) and packages are in development.
They may not be fully stable and should be used with caution. We make no claims about them.