Last updated on 2025-05-08 04:52:23 CEST.
Flavor | Version | Tinstall | Tcheck | Ttotal | Status | Flags |
---|---|---|---|---|---|---|
r-devel-linux-x86_64-debian-clang | 0.1.5 | 12.81 | 121.51 | 134.32 | NOTE | |
r-devel-linux-x86_64-debian-gcc | 0.1.5 | 7.94 | 88.66 | 96.60 | NOTE | |
r-devel-linux-x86_64-fedora-clang | 0.1.5 | 204.27 | OK | |||
r-devel-linux-x86_64-fedora-gcc | 0.1.5 | 209.26 | OK | |||
r-devel-windows-x86_64 | 0.1.5 | 12.00 | 121.00 | 133.00 | OK | |
r-patched-linux-x86_64 | 0.1.5 | 11.94 | 115.48 | 127.42 | OK | |
r-release-linux-x86_64 | 0.1.5 | 11.81 | 115.82 | 127.63 | OK | |
r-release-macos-arm64 | 0.1.5 | 79.00 | OK | |||
r-release-macos-x86_64 | 0.1.5 | 143.00 | OK | |||
r-release-windows-x86_64 | 0.1.5 | 12.00 | 123.00 | 135.00 | OK | |
r-oldrel-macos-arm64 | 0.1.5 | 62.00 | OK | |||
r-oldrel-macos-x86_64 | 0.1.5 | 96.00 | OK | |||
r-oldrel-windows-x86_64 | 0.1.5 | 16.00 | 151.00 | 167.00 | OK |
Version: 0.1.5
Check: CRAN incoming feasibility
Result: NOTE
Maintainer: ‘Nathaniel Phillips <yarrr.book@gmail.com>’
Found the following (possibly) invalid file URIs:
URI: www.thepiratesguidetor.com
From: inst/doc/guide.html
URI: www.github.com/ndphillips/yarrr/issues
From: inst/doc/pirateplot.html
The URL field contains the following bad parts:
www.thepiratesguidetor.com
The URL field should be a list of URLs separated by commas or
whitespace.
Flavors: r-devel-linux-x86_64-debian-clang, r-devel-linux-x86_64-debian-gcc
These binaries (installable software) and packages are in development.
They may not be fully stable and should be used with caution. We make no claims about them.