Last updated on 2025-07-26 21:50:11 CEST.
Flavor | Version | Tinstall | Tcheck | Ttotal | Status | Flags |
---|---|---|---|---|---|---|
r-devel-linux-x86_64-debian-clang | 0.2.1 | 34.71 | 172.14 | 206.85 | NOTE | |
r-devel-linux-x86_64-debian-gcc | 0.2.1 | 23.93 | 103.40 | 127.33 | NOTE | |
r-devel-linux-x86_64-fedora-clang | 0.2.1 | 323.21 | OK | |||
r-devel-linux-x86_64-fedora-gcc | 0.2.1 | 308.55 | OK | |||
r-devel-windows-x86_64 | 0.2.1 | 38.00 | 176.00 | 214.00 | NOTE | |
r-patched-linux-x86_64 | 0.2.1 | 34.74 | 153.50 | 188.24 | NOTE | |
r-release-linux-x86_64 | 0.2.1 | 33.39 | 153.61 | 187.00 | NOTE | |
r-release-macos-arm64 | 0.2.1 | 99.00 | OK | |||
r-release-macos-x86_64 | 0.2.1 | 184.00 | OK | |||
r-release-windows-x86_64 | 0.2.1 | 41.00 | 175.00 | 216.00 | NOTE | |
r-oldrel-macos-arm64 | 0.2.1 | 88.00 | OK | |||
r-oldrel-macos-x86_64 | 0.2.1 | 217.00 | OK | |||
r-oldrel-windows-x86_64 | 0.2.1 | 47.00 | 228.00 | 275.00 | OK |
Version: 0.2.1
Check: Rd cross-references
Result: NOTE
Found the following Rd file(s) with Rd \link{} targets missing package
anchors:
ycevo.Rd: dplyr_tidy_select
Please provide package anchors for all Rd \link{} targets not in the
package itself and the base packages.
Flavors: r-devel-linux-x86_64-debian-clang, r-devel-linux-x86_64-debian-gcc, r-devel-windows-x86_64, r-patched-linux-x86_64, r-release-linux-x86_64, r-release-windows-x86_64
These binaries (installable software) and packages are in development.
They may not be fully stable and should be used with caution. We make no claims about them.