Last updated on 2025-02-16 08:51:05 CET.
Flavor | Version | Tinstall | Tcheck | Ttotal | Status | Flags |
---|---|---|---|---|---|---|
r-devel-linux-x86_64-debian-clang | 0.2.1 | 35.34 | 164.91 | 200.25 | NOTE | |
r-devel-linux-x86_64-debian-gcc | 0.2.1 | 23.15 | 103.73 | 126.88 | NOTE | |
r-devel-linux-x86_64-fedora-clang | 0.2.1 | 323.24 | OK | |||
r-devel-linux-x86_64-fedora-gcc | 0.2.1 | 317.69 | OK | |||
r-devel-macos-arm64 | 0.2.1 | 93.00 | OK | |||
r-devel-macos-x86_64 | 0.2.1 | 184.00 | OK | |||
r-devel-windows-x86_64 | 0.2.1 | 36.00 | 177.00 | 213.00 | NOTE | |
r-patched-linux-x86_64 | 0.2.1 | 39.77 | 149.25 | 189.02 | OK | |
r-release-linux-x86_64 | 0.2.1 | 35.53 | 148.76 | 184.29 | OK | |
r-release-macos-arm64 | 0.2.1 | 88.00 | OK | |||
r-release-macos-x86_64 | 0.2.1 | 217.00 | OK | |||
r-release-windows-x86_64 | 0.2.1 | 37.00 | 180.00 | 217.00 | OK | |
r-oldrel-macos-arm64 | 0.2.1 | 93.00 | OK | |||
r-oldrel-macos-x86_64 | 0.2.1 | 179.00 | OK | |||
r-oldrel-windows-x86_64 | 0.2.1 | 44.00 | 209.00 | 253.00 | OK |
Version: 0.2.1
Check: Rd cross-references
Result: NOTE
Found the following Rd file(s) with Rd \link{} targets missing package
anchors:
ycevo.Rd: dplyr_tidy_select
Please provide package anchors for all Rd \link{} targets not in the
package itself and the base packages.
Flavors: r-devel-linux-x86_64-debian-clang, r-devel-linux-x86_64-debian-gcc, r-devel-windows-x86_64
These binaries (installable software) and packages are in development.
They may not be fully stable and should be used with caution. We make no claims about them.