Last updated on 2025-11-12 12:53:27 CET.
| Flavor | Version | Tinstall | Tcheck | Ttotal | Status | Flags |
|---|---|---|---|---|---|---|
| r-devel-linux-x86_64-debian-clang | 0.0.42 | 20.09 | 119.19 | 139.28 | NOTE | |
| r-devel-linux-x86_64-debian-gcc | 0.0.42 | 14.34 | 77.22 | 91.56 | NOTE | |
| r-devel-linux-x86_64-fedora-clang | 0.0.42 | 45.00 | 169.33 | 214.33 | OK | |
| r-devel-linux-x86_64-fedora-gcc | 0.0.42 | 56.00 | 148.22 | 204.22 | OK | |
| r-devel-windows-x86_64 | 0.0.42 | 24.00 | 149.00 | 173.00 | OK | |
| r-patched-linux-x86_64 | 0.0.42 | 21.28 | 114.14 | 135.42 | OK | |
| r-release-linux-x86_64 | 0.0.42 | 17.66 | 111.06 | 128.72 | OK | |
| r-release-macos-arm64 | 0.0.42 | 8.00 | 37.00 | 45.00 | OK | |
| r-release-macos-x86_64 | 0.0.42 | 20.00 | 93.00 | 113.00 | OK | |
| r-release-windows-x86_64 | 0.0.42 | 23.00 | 151.00 | 174.00 | OK | |
| r-oldrel-macos-arm64 | 0.0.42 | 7.00 | 38.00 | 45.00 | OK | |
| r-oldrel-macos-x86_64 | 0.0.42 | 12.00 | 60.00 | 72.00 | OK | |
| r-oldrel-windows-x86_64 | 0.0.42 | 30.00 | 178.00 | 208.00 | OK |
Version: 0.0.42
Check: CRAN incoming feasibility
Result: NOTE
Maintainer: ‘Tinniam V Ganesh <tvganesh.85@gmail.com>’
No Authors@R field in DESCRIPTION.
Please add one, modifying
Authors@R: person(given = c("Tinniam", "V"),
family = "Ganesh",
role = c("aut", "cre"),
email = "tvganesh.85@gmail.com")
as necessary.
Flavors: r-devel-linux-x86_64-debian-clang, r-devel-linux-x86_64-debian-gcc
These binaries (installable software) and packages are in development.
They may not be fully stable and should be used with caution. We make no claims about them.