CRAN Package Check Results for Package youngSwimmers

Last updated on 2025-10-23 11:50:34 CEST.

Flavor Version Tinstall Tcheck Ttotal Status Flags
r-devel-linux-x86_64-debian-clang 0.0.1 2.52 25.27 27.79 NOTE
r-devel-linux-x86_64-debian-gcc 0.0.1 1.64 20.20 21.84 NOTE
r-devel-linux-x86_64-fedora-clang 0.0.1 15.00 27.63 42.63 OK
r-devel-linux-x86_64-fedora-gcc 0.0.1 37.60 OK
r-devel-windows-x86_64 0.0.1 4.00 42.00 46.00 OK
r-patched-linux-x86_64 0.0.1 2.51 22.58 25.09 OK
r-release-linux-x86_64 0.0.1 2.36 22.84 25.20 OK
r-release-macos-arm64 0.0.1 2.00 16.00 18.00 OK
r-release-macos-x86_64 0.0.1 4.00 28.00 32.00 OK
r-release-windows-x86_64 0.0.1 4.00 44.00 48.00 OK
r-oldrel-macos-arm64 0.0.1 1.00 18.00 19.00 OK
r-oldrel-macos-x86_64 0.0.1 2.00 25.00 27.00 OK
r-oldrel-windows-x86_64 0.0.1 5.00 47.00 52.00 OK

Check Details

Version: 0.0.1
Check: CRAN incoming feasibility
Result: NOTE Maintainer: ‘Matías Castillo Aguilar <matcasti@umag.cl>’ Package CITATION file contains call(s) to old-style citEntry(). Please use bibentry() instead. Flavors: r-devel-linux-x86_64-debian-clang, r-devel-linux-x86_64-debian-gcc

These binaries (installable software) and packages are in development.
They may not be fully stable and should be used with caution. We make no claims about them.