Last updated on 2025-07-02 03:50:56 CEST.
Flavor | Version | Tinstall | Tcheck | Ttotal | Status | Flags |
---|---|---|---|---|---|---|
r-devel-linux-x86_64-debian-clang | 1.1.0 | 32.21 | 76.49 | 108.70 | OK | |
r-devel-linux-x86_64-debian-gcc | 1.1.0 | 21.82 | 61.75 | 83.57 | OK | |
r-devel-linux-x86_64-fedora-clang | 1.1.0 | 175.37 | NOTE | |||
r-devel-linux-x86_64-fedora-gcc | 1.1.0 | 157.62 | NOTE | |||
r-devel-windows-x86_64 | 1.1.0 | 33.00 | 77.00 | 110.00 | OK | |
r-patched-linux-x86_64 | OK | |||||
r-release-linux-x86_64 | 1.1.0 | 30.34 | 67.75 | 98.09 | OK | |
r-release-macos-arm64 | 1.1.0 | 61.00 | OK | |||
r-release-macos-x86_64 | 1.1.0 | 152.00 | OK | |||
r-release-windows-x86_64 | 1.1.0 | 34.00 | 77.00 | 111.00 | OK | |
r-oldrel-macos-arm64 | 1.1.0 | 60.00 | OK | |||
r-oldrel-macos-x86_64 | 1.1.0 | 86.00 | OK | |||
r-oldrel-windows-x86_64 | 1.1.0 | 48.00 | 90.00 | 138.00 | OK |
Version: 1.1.0
Check: dependencies in R code
Result: NOTE
Namespace in Imports field not imported from: ‘spelling’
All declared Imports should be used.
Flavors: r-devel-linux-x86_64-fedora-clang, r-devel-linux-x86_64-fedora-gcc
These binaries (installable software) and packages are in development.
They may not be fully stable and should be used with caution. We make no claims about them.