CRAN Package Check Results for Package ypssc

Last updated on 2025-05-08 04:52:23 CEST.

Flavor Version Tinstall Tcheck Ttotal Status Flags
r-devel-linux-x86_64-debian-clang 1.1.0 30.24 69.01 99.25 OK
r-devel-linux-x86_64-debian-gcc 1.1.0 21.63 50.13 71.76 OK
r-devel-linux-x86_64-fedora-clang 1.1.0 163.48 NOTE
r-devel-linux-x86_64-fedora-gcc 1.1.0 156.11 NOTE
r-devel-windows-x86_64 1.1.0 33.00 78.00 111.00 OK
r-patched-linux-x86_64 1.1.0 31.66 65.65 97.31 OK
r-release-linux-x86_64 1.1.0 30.28 66.08 96.36 OK
r-release-macos-arm64 1.1.0 61.00 OK
r-release-macos-x86_64 1.1.0 152.00 OK
r-release-windows-x86_64 1.1.0 36.00 80.00 116.00 OK
r-oldrel-macos-arm64 1.1.0 60.00 OK
r-oldrel-macos-x86_64 1.1.0 86.00 OK
r-oldrel-windows-x86_64 1.1.0 49.00 94.00 143.00 OK

Check Details

Version: 1.1.0
Check: dependencies in R code
Result: NOTE Namespace in Imports field not imported from: ‘spelling’ All declared Imports should be used. Flavors: r-devel-linux-x86_64-fedora-clang, r-devel-linux-x86_64-fedora-gcc

These binaries (installable software) and packages are in development.
They may not be fully stable and should be used with caution. We make no claims about them.