Last updated on 2025-05-21 21:49:35 CEST.
Flavor | Version | Tinstall | Tcheck | Ttotal | Status | Flags |
---|---|---|---|---|---|---|
r-devel-linux-x86_64-debian-clang | 1.15.30 | 149.08 | 217.25 | 366.33 | OK | |
r-devel-linux-x86_64-debian-gcc | 1.15.30 | 102.43 | 139.20 | 241.63 | OK | |
r-devel-linux-x86_64-fedora-clang | 1.15.30 | 570.61 | OK | |||
r-devel-linux-x86_64-fedora-gcc | 1.15.30 | 622.34 | OK | |||
r-devel-windows-x86_64 | 1.15.30 | 165.00 | 273.00 | 438.00 | OK | |
r-patched-linux-x86_64 | 1.15.30 | 155.77 | 198.24 | 354.01 | OK | |
r-release-linux-x86_64 | 1.15.30 | 151.63 | 204.50 | 356.13 | OK | |
r-release-macos-arm64 | 1.15.30 | 136.00 | OK | |||
r-release-macos-x86_64 | 1.15.30 | 239.00 | OK | |||
r-release-windows-x86_64 | 1.15.30 | 161.00 | 312.00 | 473.00 | OK | |
r-oldrel-macos-arm64 | 1.15.30 | 140.00 | NOTE | |||
r-oldrel-macos-x86_64 | 1.15.30 | 250.00 | NOTE | |||
r-oldrel-windows-x86_64 | 1.15.30 | 200.00 | 346.00 | 546.00 | OK |
Version: 1.15.30
Check: installed package size
Result: NOTE
installed size is 11.6Mb
sub-directories of 1Mb or more:
R 3.1Mb
libs 7.4Mb
Flavors: r-oldrel-macos-arm64, r-oldrel-macos-x86_64
These binaries (installable software) and packages are in development.
They may not be fully stable and should be used with caution. We make no claims about them.