Last updated on 2025-05-01 14:49:26 CEST.
Flavor | Version | Tinstall | Tcheck | Ttotal | Status | Flags |
---|---|---|---|---|---|---|
r-devel-linux-x86_64-debian-clang | 1.3.1 | 15.23 | 106.88 | 122.11 | NOTE | |
r-devel-linux-x86_64-debian-gcc | 1.3.1 | 10.58 | 77.14 | 87.72 | NOTE | |
r-devel-linux-x86_64-fedora-clang | 1.3.1 | 144.60 | OK | |||
r-devel-linux-x86_64-fedora-gcc | 1.3.1 | 167.13 | OK | |||
r-devel-windows-x86_64 | 1.3.1 | 15.00 | 108.00 | 123.00 | OK | |
r-patched-linux-x86_64 | 1.3.1 | 12.83 | 99.68 | 112.51 | OK | |
r-release-linux-x86_64 | OK | |||||
r-release-macos-arm64 | 1.3.1 | 49.00 | OK | |||
r-release-macos-x86_64 | 1.3.1 | 92.00 | OK | |||
r-release-windows-x86_64 | 1.3.1 | 16.00 | 113.00 | 129.00 | OK | |
r-oldrel-macos-arm64 | 1.3.1 | 52.00 | OK | |||
r-oldrel-macos-x86_64 | 1.3.1 | 72.00 | OK | |||
r-oldrel-windows-x86_64 | 1.3.1 | 19.00 | 135.00 | 154.00 | OK |
Version: 1.3.1
Check: CRAN incoming feasibility
Result: NOTE
Maintainer: ‘Emanuele Guidotti <emanuele.guidotti@hotmail.it>’
No Authors@R field in DESCRIPTION.
Please add one, modifying
Authors@R: c(person(given = c("YUIMA", "Project"),
family = "Team",
role = "aut"),
person(given = "Emanuele",
family = "Guidotti",
role = "cre",
email = "emanuele.guidotti@hotmail.it"))
as necessary.
Package CITATION file contains call(s) to old-style personList() or
as.personList(). Please use c() on person objects instead.
Package CITATION file contains call(s) to old-style citEntry(). Please
use bibentry() instead.
Flavors: r-devel-linux-x86_64-debian-clang, r-devel-linux-x86_64-debian-gcc
These binaries (installable software) and packages are in development.
They may not be fully stable and should be used with caution. We make no claims about them.