Last updated on 2024-07-27 15:50:37 CEST.
Flavor | Version | Tinstall | Tcheck | Ttotal | Status | Flags |
---|---|---|---|---|---|---|
r-devel-linux-x86_64-debian-clang | 0.1.20 | 24.25 | 40.42 | 64.67 | NOTE | |
r-devel-linux-x86_64-debian-gcc | 0.1.20 | NOTE | ||||
r-devel-linux-x86_64-fedora-clang | 0.1.20 | 86.69 | NOTE | |||
r-devel-linux-x86_64-fedora-gcc | 0.1.20 | 123.28 | NOTE | |||
r-devel-windows-x86_64 | 0.1.20 | 28.00 | 63.00 | 91.00 | NOTE | |
r-patched-linux-x86_64 | 0.1.20 | OK | ||||
r-release-linux-x86_64 | 0.1.20 | 32.31 | 39.47 | 71.78 | OK | |
r-release-macos-arm64 | 0.1.20 | 51.00 | OK | |||
r-release-macos-x86_64 | 0.1.20 | 54.00 | OK | |||
r-release-windows-x86_64 | 0.1.20 | 31.00 | 63.00 | 94.00 | OK | |
r-oldrel-macos-arm64 | 0.1.20 | 44.00 | OK | |||
r-oldrel-macos-x86_64 | 0.1.20 | 112.00 | OK | |||
r-oldrel-windows-x86_64 | 0.1.20 | 28.00 | 66.00 | 94.00 | OK |
Version: 0.1.20
Check: compiled code
Result: NOTE
File ‘yyjsonr/libs/yyjsonr.so’:
Found non-API calls to R: ‘SETLENGTH’, ‘SET_GROWABLE_BIT’,
‘SET_TRUELENGTH’
Compiled code should not call non-API entry points in R.
See ‘Writing portable packages’ in the ‘Writing R Extensions’ manual,
and section ‘Moving into C API compliance’ for issues with the use of
non-API entry points.
Flavors: r-devel-linux-x86_64-debian-clang, r-devel-linux-x86_64-debian-gcc, r-devel-linux-x86_64-fedora-clang, r-devel-linux-x86_64-fedora-gcc
Version: 0.1.20
Check: compiled code
Result: NOTE
File 'yyjsonr/libs/x64/yyjsonr.dll':
Found non-API calls to R: 'SETLENGTH', 'SET_GROWABLE_BIT',
'SET_TRUELENGTH'
Compiled code should not call non-API entry points in R.
See 'Writing portable packages' in the 'Writing R Extensions' manual,
and section 'Moving into C API compliance' for issues with the use of
non-API entry points.
Flavor: r-devel-windows-x86_64
These binaries (installable software) and packages are in development.
They may not be fully stable and should be used with caution. We make no claims about them.