CRAN Package Check Results for Package zalpha

Last updated on 2025-05-08 04:52:23 CEST.

Flavor Version Tinstall Tcheck Ttotal Status Flags
r-devel-linux-x86_64-debian-clang 0.3.0 4.22 58.81 63.03 NOTE
r-devel-linux-x86_64-debian-gcc 0.3.0 3.08 43.48 46.56 NOTE
r-devel-linux-x86_64-fedora-clang 0.3.0 100.25 OK
r-devel-linux-x86_64-fedora-gcc 0.3.0 113.79 OK
r-devel-windows-x86_64 0.3.0 5.00 83.00 88.00 OK
r-patched-linux-x86_64 0.3.0 4.90 56.02 60.92 OK
r-release-linux-x86_64 0.3.0 4.31 55.85 60.16 OK
r-release-macos-arm64 0.3.0 46.00 OK
r-release-macos-x86_64 0.3.0 70.00 OK
r-release-windows-x86_64 0.3.0 6.00 84.00 90.00 OK
r-oldrel-macos-arm64 0.3.0 33.00 OK
r-oldrel-macos-x86_64 0.3.0 55.00 OK
r-oldrel-windows-x86_64 0.3.0 6.00 98.00 104.00 OK

Check Details

Version: 0.3.0
Check: CRAN incoming feasibility
Result: NOTE Maintainer: ‘Clare Horscroft <chorscroft@aol.co.uk>’ No Authors@R field in DESCRIPTION. Please add one, modifying Authors@R: person(given = "Clare", family = "Horscroft", role = c("aut", "cre"), email = "chorscroft@aol.co.uk") as necessary. Flavors: r-devel-linux-x86_64-debian-clang, r-devel-linux-x86_64-debian-gcc

These binaries (installable software) and packages are in development.
They may not be fully stable and should be used with caution. We make no claims about them.