Last updated on 2025-02-16 08:51:05 CET.
Flavor | Version | Tinstall | Tcheck | Ttotal | Status | Flags |
---|---|---|---|---|---|---|
r-devel-linux-x86_64-debian-clang | 0.10 | 14.71 | 88.43 | 103.14 | NOTE | |
r-devel-linux-x86_64-debian-gcc | 0.10 | 10.30 | 61.90 | 72.20 | NOTE | |
r-devel-linux-x86_64-fedora-clang | 0.10 | 171.26 | OK | |||
r-devel-linux-x86_64-fedora-gcc | 0.10 | 176.84 | OK | |||
r-devel-macos-arm64 | 0.10 | 58.00 | OK | |||
r-devel-macos-x86_64 | 0.10 | 118.00 | OK | |||
r-devel-windows-x86_64 | 0.10 | 14.00 | 108.00 | 122.00 | NOTE | |
r-patched-linux-x86_64 | 0.10 | 21.09 | 83.90 | 104.99 | OK | |
r-release-linux-x86_64 | 0.10 | 14.14 | 84.51 | 98.65 | OK | |
r-release-macos-arm64 | 0.10 | 52.00 | OK | |||
r-release-macos-x86_64 | 0.10 | 137.00 | OK | |||
r-release-windows-x86_64 | 0.10 | 18.00 | 116.00 | 134.00 | OK | |
r-oldrel-macos-arm64 | 0.10 | 57.00 | OK | |||
r-oldrel-macos-x86_64 | 0.10 | 126.00 | OK | |||
r-oldrel-windows-x86_64 | 0.10 | 20.00 | 122.00 | 142.00 | OK |
Version: 0.10
Check: Rd cross-references
Result: NOTE
Found the following Rd file(s) with Rd \link{} targets missing package
anchors:
ZenodoManager.Rd: R6Class
ZenodoRecord.Rd: R6Class, DCEntry
ZenodoRequest.Rd: R6Class
zen4RLogger.Rd: R6Class
Please provide package anchors for all Rd \link{} targets not in the
package itself and the base packages.
Flavors: r-devel-linux-x86_64-debian-clang, r-devel-linux-x86_64-debian-gcc, r-devel-windows-x86_64
These binaries (installable software) and packages are in development.
They may not be fully stable and should be used with caution. We make no claims about them.