CRAN Package Check Results for Package zendeskR

Last updated on 2025-02-16 08:51:05 CET.

Flavor Version Tinstall Tcheck Ttotal Status Flags
r-devel-linux-x86_64-debian-clang 0.4 2.23 23.81 26.04 NOTE
r-devel-linux-x86_64-debian-gcc 0.4 1.94 19.27 21.21 NOTE
r-devel-linux-x86_64-fedora-clang 0.4 42.22 NOTE
r-devel-linux-x86_64-fedora-gcc 0.4 41.56 NOTE
r-devel-macos-arm64 0.4 17.00 NOTE
r-devel-macos-x86_64 0.4 27.00 NOTE
r-devel-windows-x86_64 0.4 4.00 47.00 51.00 NOTE
r-patched-linux-x86_64 0.4 2.48 22.72 25.20 NOTE
r-release-linux-x86_64 0.4 2.16 23.00 25.16 NOTE
r-release-macos-arm64 0.4 16.00 NOTE
r-release-macos-x86_64 0.4 24.00 NOTE
r-release-windows-x86_64 0.4 3.00 46.00 49.00 NOTE
r-oldrel-macos-arm64 0.4 18.00 NOTE
r-oldrel-macos-x86_64 0.4 27.00 NOTE
r-oldrel-windows-x86_64 0.4 5.00 51.00 56.00 NOTE

Check Details

Version: 0.4
Check: DESCRIPTION meta-information
Result: NOTE Malformed Description field: should contain one or more complete sentences. Flavors: r-devel-linux-x86_64-debian-clang, r-devel-linux-x86_64-debian-gcc, r-devel-linux-x86_64-fedora-clang, r-devel-linux-x86_64-fedora-gcc, r-devel-macos-arm64, r-devel-macos-x86_64, r-devel-windows-x86_64, r-patched-linux-x86_64, r-release-linux-x86_64, r-release-macos-arm64, r-release-macos-x86_64, r-release-windows-x86_64, r-oldrel-macos-arm64, r-oldrel-macos-x86_64, r-oldrel-windows-x86_64

These binaries (installable software) and packages are in development.
They may not be fully stable and should be used with caution. We make no claims about them.