Last updated on 2025-05-23 01:51:17 CEST.
Flavor | Version | Tinstall | Tcheck | Ttotal | Status | Flags |
---|---|---|---|---|---|---|
r-devel-linux-x86_64-debian-clang | 0.1.0 | 2.00 | 21.56 | 23.56 | NOTE | |
r-devel-linux-x86_64-debian-gcc | 0.1.0 | 1.51 | 17.47 | 18.98 | NOTE | |
r-devel-linux-x86_64-fedora-clang | 0.1.0 | 34.76 | NOTE | |||
r-devel-linux-x86_64-fedora-gcc | 0.1.0 | 33.30 | NOTE | |||
r-devel-windows-x86_64 | 0.1.0 | 5.00 | 86.00 | 91.00 | NOTE | |
r-patched-linux-x86_64 | 0.1.0 | 1.86 | 19.20 | 21.06 | NOTE | |
r-release-linux-x86_64 | 0.1.0 | 1.92 | 19.02 | 20.94 | NOTE | |
r-release-macos-arm64 | 0.1.0 | 18.00 | NOTE | |||
r-release-macos-x86_64 | 0.1.0 | 35.00 | NOTE | |||
r-release-windows-x86_64 | 0.1.0 | 4.00 | 43.00 | 47.00 | NOTE | |
r-oldrel-macos-arm64 | 0.1.0 | 15.00 | OK | |||
r-oldrel-macos-x86_64 | 0.1.0 | 23.00 | OK | |||
r-oldrel-windows-x86_64 | 0.1.0 | 4.00 | 47.00 | 51.00 | OK |
Version: 0.1.0
Check: DESCRIPTION meta-information
Result: NOTE
Missing dependency on R >= 4.1.0 because package code uses the pipe
|> or function shorthand \(...) syntax added in R 4.1.0.
File(s) using such syntax:
‘cache_report.R’ ‘list_deposit.R’
Flavors: r-devel-linux-x86_64-debian-clang, r-devel-linux-x86_64-debian-gcc, r-devel-linux-x86_64-fedora-clang, r-devel-linux-x86_64-fedora-gcc, r-devel-windows-x86_64, r-patched-linux-x86_64, r-release-linux-x86_64, r-release-macos-arm64, r-release-macos-x86_64, r-release-windows-x86_64
These binaries (installable software) and packages are in development.
They may not be fully stable and should be used with caution. We make no claims about them.