Last updated on 2025-02-21 15:52:20 CET.
Flavor | Version | Tinstall | Tcheck | Ttotal | Status | Flags |
---|---|---|---|---|---|---|
r-devel-linux-x86_64-debian-clang | 0.1.2 | 1.78 | 18.59 | 20.37 | NOTE | |
r-devel-linux-x86_64-debian-gcc | 0.1.2 | 1.39 | 15.58 | 16.97 | NOTE | |
r-devel-linux-x86_64-fedora-clang | 0.1.2 | 32.54 | NOTE | |||
r-devel-linux-x86_64-fedora-gcc | 0.1.2 | 31.45 | NOTE | |||
r-devel-macos-arm64 | 0.1.2 | 16.00 | OK | |||
r-devel-macos-x86_64 | 0.1.2 | 26.00 | NOTE | |||
r-devel-windows-x86_64 | 0.1.2 | 5.00 | 46.00 | 51.00 | NOTE | |
r-patched-linux-x86_64 | 0.1.2 | 1.66 | 17.87 | 19.53 | OK | |
r-release-linux-x86_64 | 0.1.2 | 1.78 | 17.91 | 19.69 | OK | |
r-release-macos-arm64 | 0.1.2 | 17.00 | OK | |||
r-release-macos-x86_64 | 0.1.2 | 27.00 | OK | |||
r-release-windows-x86_64 | 0.1.2 | 4.00 | 39.00 | 43.00 | OK | |
r-oldrel-macos-arm64 | 0.1.2 | 21.00 | OK | |||
r-oldrel-macos-x86_64 | 0.1.2 | 31.00 | OK | |||
r-oldrel-windows-x86_64 | 0.1.2 | 4.00 | 43.00 | 47.00 | OK |
Version: 0.1.2
Check: DESCRIPTION meta-information
Result: NOTE
Missing dependency on R >= 4.1.0 because package code uses the pipe
|> or function shorthand \(...) syntax added in R 4.1.0.
File(s) using such syntax:
‘deposit_stats.R’ ‘scrap_stats.R’
Flavors: r-devel-linux-x86_64-debian-clang, r-devel-linux-x86_64-debian-gcc, r-devel-linux-x86_64-fedora-clang, r-devel-linux-x86_64-fedora-gcc, r-devel-macos-x86_64, r-devel-windows-x86_64
These binaries (installable software) and packages are in development.
They may not be fully stable and should be used with caution. We make no claims about them.