Last updated on 2025-05-01 14:49:27 CEST.
Flavor | Version | Tinstall | Tcheck | Ttotal | Status | Flags |
---|---|---|---|---|---|---|
r-devel-linux-x86_64-debian-clang | 0.1.0 | 1.91 | 22.68 | 24.59 | OK | |
r-devel-linux-x86_64-debian-gcc | 0.1.0 | 1.45 | 17.03 | 18.48 | OK | |
r-devel-linux-x86_64-fedora-clang | 0.1.0 | 37.90 | NOTE | |||
r-devel-linux-x86_64-fedora-gcc | 0.1.0 | 37.44 | NOTE | |||
r-devel-windows-x86_64 | 0.1.0 | 2.00 | 45.00 | 47.00 | OK | |
r-patched-linux-x86_64 | 0.1.0 | 1.88 | 21.38 | 23.26 | OK | |
r-release-linux-x86_64 | OK | |||||
r-release-macos-arm64 | 0.1.0 | 16.00 | OK | |||
r-release-macos-x86_64 | 0.1.0 | 25.00 | OK | |||
r-release-windows-x86_64 | 0.1.0 | 2.00 | 47.00 | 49.00 | OK | |
r-oldrel-macos-arm64 | 0.1.0 | 15.00 | OK | |||
r-oldrel-macos-x86_64 | 0.1.0 | 23.00 | OK | |||
r-oldrel-windows-x86_64 | 0.1.0 | 3.00 | 46.00 | 49.00 | OK |
Version: 0.1.0
Check: dependencies in R code
Result: NOTE
Namespace in Imports field not imported from: ‘MASS’
All declared Imports should be used.
Flavors: r-devel-linux-x86_64-fedora-clang, r-devel-linux-x86_64-fedora-gcc
These binaries (installable software) and packages are in development.
They may not be fully stable and should be used with caution. We make no claims about them.