Last updated on 2025-02-16 08:51:05 CET.
Flavor | Version | Tinstall | Tcheck | Ttotal | Status | Flags |
---|---|---|---|---|---|---|
r-devel-linux-x86_64-debian-clang | 1.2.1 | 12.78 | 123.23 | 136.01 | NOTE | |
r-devel-linux-x86_64-debian-gcc | 1.2.1 | 9.57 | 73.37 | 82.94 | NOTE | |
r-devel-linux-x86_64-fedora-clang | 1.2.1 | 254.63 | NOTE | |||
r-devel-linux-x86_64-fedora-gcc | 1.2.1 | 235.28 | NOTE | |||
r-devel-macos-arm64 | 1.2.1 | 56.00 | NOTE | |||
r-devel-macos-x86_64 | 1.2.1 | 109.00 | NOTE | |||
r-devel-windows-x86_64 | 1.2.1 | 15.00 | 139.00 | 154.00 | NOTE | |
r-patched-linux-x86_64 | 1.2.1 | 21.58 | 117.85 | 139.43 | NOTE | |
r-release-linux-x86_64 | 1.2.1 | 12.46 | 115.18 | 127.64 | NOTE | |
r-release-macos-arm64 | 1.2.1 | 55.00 | NOTE | |||
r-release-macos-x86_64 | 1.2.1 | 84.00 | NOTE | |||
r-release-windows-x86_64 | 1.2.1 | 14.00 | 142.00 | 156.00 | NOTE | |
r-oldrel-macos-arm64 | 1.2.1 | 63.00 | OK | |||
r-oldrel-macos-x86_64 | 1.2.1 | 105.00 | OK | |||
r-oldrel-windows-x86_64 | 1.2.1 | 18.00 | 173.00 | 191.00 | OK |
Version: 1.2.1
Check: Rd files
Result: NOTE
checkRd: (-1) glm.cons.Rd:54: Lost braces; missing escapes or markup?
54 | \item{method}{the method used in fitting the model. The default method "\code{glm.fit.cons}" uses function {nnnpls} from package nnls instead of \code{lm.fit} to impose the sign of the coefficients. As in \code{glm}, the alternative method "\code{model.frame}" returns the model frame and does no fitting.}
| ^
Flavors: r-devel-linux-x86_64-debian-clang, r-devel-linux-x86_64-debian-gcc, r-devel-linux-x86_64-fedora-clang, r-devel-linux-x86_64-fedora-gcc, r-devel-macos-arm64, r-devel-macos-x86_64, r-devel-windows-x86_64, r-patched-linux-x86_64, r-release-linux-x86_64, r-release-macos-arm64, r-release-macos-x86_64, r-release-windows-x86_64
Version: 1.2.1
Check: Rd cross-references
Result: NOTE
Found the following Rd file(s) with Rd \link{} targets missing package
anchors:
glm.cons.Rd: glm2
glm.fit.cons.Rd: glm.fit2
Please provide package anchors for all Rd \link{} targets not in the
package itself and the base packages.
Flavors: r-devel-linux-x86_64-debian-clang, r-devel-linux-x86_64-debian-gcc, r-devel-windows-x86_64
These binaries (installable software) and packages are in development.
They may not be fully stable and should be used with caution. We make no claims about them.