Last updated on 2025-05-01 14:49:27 CEST.
Flavor | Version | Tinstall | Tcheck | Ttotal | Status | Flags |
---|---|---|---|---|---|---|
r-devel-linux-x86_64-debian-clang | 0.4.0 | 1.86 | 24.18 | 26.04 | NOTE | |
r-devel-linux-x86_64-debian-gcc | 0.4.0 | 1.47 | 19.72 | 21.19 | NOTE | |
r-devel-linux-x86_64-fedora-clang | 0.4.0 | 36.82 | NOTE | |||
r-devel-linux-x86_64-fedora-gcc | 0.4.0 | 40.79 | NOTE | |||
r-devel-windows-x86_64 | 0.4.0 | 4.00 | 46.00 | 50.00 | NOTE | |
r-patched-linux-x86_64 | 0.4.0 | 1.80 | 21.90 | 23.70 | NOTE | |
r-release-linux-x86_64 | NOTE | |||||
r-release-macos-arm64 | 0.4.0 | 25.00 | NOTE | |||
r-release-macos-x86_64 | 0.4.0 | 48.00 | NOTE | |||
r-release-windows-x86_64 | 0.4.0 | 4.00 | 51.00 | 55.00 | NOTE | |
r-oldrel-macos-arm64 | 0.4.0 | 24.00 | OK | |||
r-oldrel-macos-x86_64 | 0.4.0 | 40.00 | OK | |||
r-oldrel-windows-x86_64 | 0.4.0 | 4.00 | 49.00 | 53.00 | OK |
Version: 0.4.0
Check: CRAN incoming feasibility
Result: NOTE
Maintainer: ‘Magnus Thor Torfason <m@zulutime.net>’
No Authors@R field in DESCRIPTION.
Please add one, modifying
Authors@R: person(given = c("Magnus", "Thor"),
family = "Torfason",
role = c("aut", "cre"),
email = "m@zulutime.net")
as necessary.
Flavors: r-devel-linux-x86_64-debian-clang, r-devel-linux-x86_64-debian-gcc
Version: 0.4.0
Check: DESCRIPTION meta-information
Result: NOTE
Missing dependency on R >= 4.1.0 because package code uses the pipe
|> or function shorthand \(...) syntax added in R 4.1.0.
File(s) using such syntax:
‘external_fitters.Rd’ ‘zfunction.Rd’ ‘zlm.Rd’ ‘zprint.Rd’
Flavors: r-devel-linux-x86_64-debian-clang, r-devel-linux-x86_64-debian-gcc, r-devel-linux-x86_64-fedora-clang, r-devel-linux-x86_64-fedora-gcc, r-devel-windows-x86_64, r-patched-linux-x86_64, r-release-linux-x86_64, r-release-macos-arm64, r-release-macos-x86_64, r-release-windows-x86_64
These binaries (installable software) and packages are in development.
They may not be fully stable and should be used with caution. We make no claims about them.