CRAN Package Check Results for Package zic

Last updated on 2025-07-21 15:51:20 CEST.

Flavor Version Tinstall Tcheck Ttotal Status Flags
r-devel-linux-x86_64-debian-clang 0.9.1 38.53 26.23 64.76 NOTE
r-devel-linux-x86_64-debian-gcc 0.9.1 24.81 21.18 45.99 NOTE
r-devel-linux-x86_64-fedora-clang 0.9.1 121.10 OK
r-devel-linux-x86_64-fedora-gcc 0.9.1 101.24 OK
r-devel-windows-x86_64 0.9.1 46.00 67.00 113.00 OK
r-patched-linux-x86_64 0.9.1 37.00 24.70 61.70 OK
r-release-linux-x86_64 0.9.1 34.16 24.73 58.89 OK
r-release-macos-arm64 0.9.1 32.00 OK
r-release-macos-x86_64 0.9.1 45.00 OK
r-release-windows-x86_64 0.9.1 46.00 71.00 117.00 OK
r-oldrel-macos-arm64 0.9.1 34.00 OK
r-oldrel-macos-x86_64 0.9.1 38.00 OK
r-oldrel-windows-x86_64 0.9.1 55.00 77.00 132.00 OK

Check Details

Version: 0.9.1
Check: CRAN incoming feasibility
Result: NOTE Maintainer: ‘Markus Jochmann <markus.jochmann@ncl.ac.uk>’ No Authors@R field in DESCRIPTION. Please add one, modifying Authors@R: person(given = "Markus", family = "Jochmann", role = c("aut", "cre"), email = "markus.jochmann@ncl.ac.uk") as necessary. Flavors: r-devel-linux-x86_64-debian-clang, r-devel-linux-x86_64-debian-gcc

These binaries (installable software) and packages are in development.
They may not be fully stable and should be used with caution. We make no claims about them.