Last updated on 2025-10-03 07:50:01 CEST.
Flavor | Version | Tinstall | Tcheck | Ttotal | Status | Flags |
---|---|---|---|---|---|---|
r-devel-linux-x86_64-debian-clang | 0.9.1 | 35.89 | 27.21 | 63.10 | NOTE | |
r-devel-linux-x86_64-debian-gcc | 0.9.1 | 22.36 | 21.87 | 44.23 | NOTE | |
r-devel-linux-x86_64-fedora-clang | 0.9.1 | 118.40 | OK | |||
r-devel-linux-x86_64-fedora-gcc | 0.9.1 | 101.79 | OK | |||
r-devel-windows-x86_64 | 0.9.1 | 50.00 | 69.00 | 119.00 | OK | |
r-patched-linux-x86_64 | 0.9.1 | 35.57 | 25.80 | 61.37 | OK | |
r-release-linux-x86_64 | 0.9.1 | 36.15 | 25.97 | 62.12 | OK | |
r-release-macos-arm64 | 0.9.1 | 32.00 | OK | |||
r-release-macos-x86_64 | 0.9.1 | 45.00 | OK | |||
r-release-windows-x86_64 | 0.9.1 | 46.00 | 68.00 | 114.00 | OK | |
r-oldrel-macos-arm64 | 0.9.1 | 34.00 | OK | |||
r-oldrel-macos-x86_64 | 0.9.1 | 38.00 | OK | |||
r-oldrel-windows-x86_64 | 0.9.1 | 55.00 | 76.00 | 131.00 | OK |
Version: 0.9.1
Check: CRAN incoming feasibility
Result: NOTE
Maintainer: ‘Markus Jochmann <markus.jochmann@ncl.ac.uk>’
No Authors@R field in DESCRIPTION.
Please add one, modifying
Authors@R: person(given = "Markus",
family = "Jochmann",
role = c("aut", "cre"),
email = "markus.jochmann@ncl.ac.uk")
as necessary.
Flavors: r-devel-linux-x86_64-debian-clang, r-devel-linux-x86_64-debian-gcc
These binaries (installable software) and packages are in development.
They may not be fully stable and should be used with caution. We make no claims about them.