Last updated on 2025-10-23 15:50:18 CEST.
| Flavor | Version | Tinstall | Tcheck | Ttotal | Status | Flags |
|---|---|---|---|---|---|---|
| r-devel-linux-x86_64-debian-clang | 0.1.1 | 1.56 | 23.14 | 24.70 | NOTE | |
| r-devel-linux-x86_64-debian-gcc | 0.1.1 | 1.41 | 19.40 | 20.81 | OK | |
| r-devel-linux-x86_64-fedora-clang | 0.1.1 | 37.80 | OK | |||
| r-devel-linux-x86_64-fedora-gcc | 0.1.1 | 47.56 | OK | |||
| r-devel-windows-x86_64 | 0.1.1 | 3.00 | 41.00 | 44.00 | OK | |
| r-patched-linux-x86_64 | 0.1.1 | 1.68 | 21.04 | 22.72 | OK | |
| r-release-linux-x86_64 | 0.1.1 | 1.45 | 20.82 | 22.27 | OK | |
| r-release-macos-arm64 | 0.1.1 | 1.00 | 30.00 | 31.00 | OK | |
| r-release-macos-x86_64 | 0.1.1 | 1.00 | 38.00 | 39.00 | OK | |
| r-release-windows-x86_64 | 0.1.1 | 4.00 | 43.00 | 47.00 | OK | |
| r-oldrel-macos-arm64 | 0.1.1 | 1.00 | 20.00 | 21.00 | NOTE | |
| r-oldrel-macos-x86_64 | 0.1.1 | 1.00 | 33.00 | 34.00 | NOTE | |
| r-oldrel-windows-x86_64 | 0.1.1 | 3.00 | 48.00 | 51.00 | NOTE |
Version: 0.1.1
Check: HTML version of manual
Result: NOTE
Found the following HTML validation problems:
broadcast.html:50:1 (broadcast.Rd:12): Warning: missing </ul> before </div>
check_length.html:50:1 (check_length.Rd:12): Warning: missing </ul> before </div>
fill.html:54:1 (fill.Rd:14): Warning: missing </ul> before </div>
Flavor: r-devel-linux-x86_64-debian-clang
Version: 0.1.1
Check: LazyData
Result: NOTE
'LazyData' is specified without a 'data' directory
Flavors: r-oldrel-macos-arm64, r-oldrel-macos-x86_64, r-oldrel-windows-x86_64
These binaries (installable software) and packages are in development.
They may not be fully stable and should be used with caution. We make no claims about them.