CRAN Package Check Results for Package zipR

Last updated on 2025-05-08 04:52:23 CEST.

Flavor Version Tinstall Tcheck Ttotal Status Flags
r-devel-linux-x86_64-debian-clang 0.1.1 1.61 21.30 22.91 OK
r-devel-linux-x86_64-debian-gcc 0.1.1 1.25 17.54 18.79 OK
r-devel-linux-x86_64-fedora-clang 0.1.1 35.43 OK
r-devel-linux-x86_64-fedora-gcc 0.1.1 47.56 OK
r-devel-windows-x86_64 0.1.1 3.00 42.00 45.00 OK
r-patched-linux-x86_64 0.1.1 1.63 19.75 21.38 OK
r-release-linux-x86_64 0.1.1 1.48 19.62 21.10 OK
r-release-macos-arm64 0.1.1 31.00 OK
r-release-macos-x86_64 0.1.1 39.00 OK
r-release-windows-x86_64 0.1.1 4.00 42.00 46.00 OK
r-oldrel-macos-arm64 0.1.1 21.00 NOTE
r-oldrel-macos-x86_64 0.1.1 34.00 NOTE
r-oldrel-windows-x86_64 0.1.1 4.00 46.00 50.00 NOTE

Check Details

Version: 0.1.1
Check: LazyData
Result: NOTE 'LazyData' is specified without a 'data' directory Flavors: r-oldrel-macos-arm64, r-oldrel-macos-x86_64, r-oldrel-windows-x86_64

These binaries (installable software) and packages are in development.
They may not be fully stable and should be used with caution. We make no claims about them.