CRAN Package Check Results for Package zipR

Last updated on 2025-02-16 08:51:06 CET.

Flavor Version Tinstall Tcheck Ttotal Status Flags
r-devel-linux-x86_64-debian-clang 0.1.1 1.54 20.03 21.57 OK
r-devel-linux-x86_64-debian-gcc 0.1.1 1.39 16.95 18.34 OK
r-devel-linux-x86_64-fedora-clang 0.1.1 36.23 OK
r-devel-linux-x86_64-fedora-gcc 0.1.1 48.19 OK
r-devel-macos-arm64 0.1.1 21.00 OK
r-devel-macos-x86_64 0.1.1 37.00 OK
r-devel-windows-x86_64 0.1.1 4.00 49.00 53.00 OK
r-patched-linux-x86_64 0.1.1 1.62 19.04 20.66 NOTE
r-release-linux-x86_64 0.1.1 1.14 19.24 20.38 NOTE
r-release-macos-arm64 0.1.1 21.00 NOTE
r-release-macos-x86_64 0.1.1 34.00 NOTE
r-release-windows-x86_64 0.1.1 2.00 47.00 49.00 NOTE
r-oldrel-macos-arm64 0.1.1 24.00 NOTE
r-oldrel-macos-x86_64 0.1.1 30.00 NOTE
r-oldrel-windows-x86_64 0.1.1 2.00 40.00 42.00 NOTE

Check Details

Version: 0.1.1
Check: LazyData
Result: NOTE 'LazyData' is specified without a 'data' directory Flavors: r-patched-linux-x86_64, r-release-linux-x86_64, r-release-macos-arm64, r-release-macos-x86_64, r-release-windows-x86_64, r-oldrel-macos-arm64, r-oldrel-macos-x86_64, r-oldrel-windows-x86_64

These binaries (installable software) and packages are in development.
They may not be fully stable and should be used with caution. We make no claims about them.