Last updated on 2025-10-23 11:50:34 CEST.
Flavor | Version | Tinstall | Tcheck | Ttotal | Status | Flags |
---|---|---|---|---|---|---|
r-devel-linux-x86_64-debian-clang | 0.3.3 | 3.47 | 45.08 | 48.55 | NOTE | |
r-devel-linux-x86_64-debian-gcc | 0.3.3 | 2.67 | 33.61 | 36.28 | NOTE | |
r-devel-linux-x86_64-fedora-clang | 0.3.3 | 18.00 | 58.70 | 76.70 | NOTE | |
r-devel-linux-x86_64-fedora-gcc | 0.3.3 | 68.57 | NOTE | |||
r-devel-windows-x86_64 | 0.3.3 | 6.00 | 64.00 | 70.00 | NOTE | |
r-patched-linux-x86_64 | 0.3.3 | 3.90 | 41.81 | 45.71 | NOTE | |
r-release-linux-x86_64 | 0.3.3 | 2.88 | 41.92 | 44.80 | NOTE | |
r-release-macos-arm64 | 0.3.3 | 2.00 | 24.00 | 26.00 | NOTE | |
r-release-macos-x86_64 | 0.3.3 | 4.00 | 43.00 | 47.00 | NOTE | |
r-release-windows-x86_64 | 0.3.3 | 6.00 | 67.00 | 73.00 | NOTE | |
r-oldrel-macos-arm64 | 0.3.3 | 2.00 | 24.00 | 26.00 | OK | |
r-oldrel-macos-x86_64 | 0.3.3 | 3.00 | 37.00 | 40.00 | OK | |
r-oldrel-windows-x86_64 | 0.3.3 | 8.00 | 75.00 | 83.00 | OK |
Version: 0.3.3
Check: DESCRIPTION meta-information
Result: NOTE
Missing dependency on R >= 4.1.0 because package code uses the pipe
|> or function shorthand \(...) syntax added in R 4.1.0.
File(s) using such syntax:
‘convert-jyear-legacy.R’
Flavors: r-devel-linux-x86_64-debian-clang, r-devel-linux-x86_64-debian-gcc, r-devel-linux-x86_64-fedora-clang, r-devel-linux-x86_64-fedora-gcc, r-devel-windows-x86_64, r-patched-linux-x86_64, r-release-linux-x86_64, r-release-macos-arm64, r-release-macos-x86_64, r-release-windows-x86_64
These binaries (installable software) and packages are in development.
They may not be fully stable and should be used with caution. We make no claims about them.