Last updated on 2025-02-16 08:51:05 CET.
Flavor | Version | Tinstall | Tcheck | Ttotal | Status | Flags |
---|---|---|---|---|---|---|
r-devel-linux-x86_64-debian-clang | 0.3.3 | 3.97 | 41.57 | 45.54 | NOTE | |
r-devel-linux-x86_64-debian-gcc | 0.3.3 | 2.71 | 31.41 | 34.12 | NOTE | |
r-devel-linux-x86_64-fedora-clang | 0.3.3 | 73.38 | NOTE | |||
r-devel-linux-x86_64-fedora-gcc | 0.3.3 | 71.18 | NOTE | |||
r-devel-macos-arm64 | 0.3.3 | 24.00 | OK | |||
r-devel-macos-x86_64 | 0.3.3 | 60.00 | NOTE | |||
r-devel-windows-x86_64 | 0.3.3 | 6.00 | 66.00 | 72.00 | NOTE | |
r-patched-linux-x86_64 | 0.3.3 | 4.24 | 39.60 | 43.84 | OK | |
r-release-linux-x86_64 | 0.3.3 | 2.94 | 38.99 | 41.93 | OK | |
r-release-macos-arm64 | 0.3.3 | 26.00 | OK | |||
r-release-macos-x86_64 | 0.3.3 | 40.00 | OK | |||
r-release-windows-x86_64 | 0.3.3 | 6.00 | 75.00 | 81.00 | OK | |
r-oldrel-macos-arm64 | 0.3.3 | 32.00 | OK | |||
r-oldrel-macos-x86_64 | 0.3.3 | 51.00 | OK | |||
r-oldrel-windows-x86_64 | 0.3.3 | 6.00 | 71.00 | 77.00 | OK |
Version: 0.3.3
Check: DESCRIPTION meta-information
Result: NOTE
Missing dependency on R >= 4.1.0 because package code uses the pipe
|> or function shorthand \(...) syntax added in R 4.1.0.
File(s) using such syntax:
‘convert-jyear-legacy.R’
Flavors: r-devel-linux-x86_64-debian-clang, r-devel-linux-x86_64-debian-gcc, r-devel-linux-x86_64-fedora-clang, r-devel-linux-x86_64-fedora-gcc, r-devel-macos-x86_64, r-devel-windows-x86_64
These binaries (installable software) and packages are in development.
They may not be fully stable and should be used with caution. We make no claims about them.