Last updated on 2025-05-25 21:48:52 CEST.
Flavor | Version | Tinstall | Tcheck | Ttotal | Status | Flags |
---|---|---|---|---|---|---|
r-devel-linux-x86_64-debian-clang | 0.3.5 | 32.62 | 227.97 | 260.59 | NOTE | |
r-devel-linux-x86_64-debian-gcc | 0.3.5 | 20.16 | 169.22 | 189.38 | NOTE | |
r-devel-linux-x86_64-fedora-clang | 0.3.5 | 412.81 | OK | |||
r-devel-linux-x86_64-fedora-gcc | 0.3.5 | 421.33 | OK | |||
r-devel-windows-x86_64 | 0.3.5 | 33.00 | 274.00 | 307.00 | OK | |
r-patched-linux-x86_64 | 0.3.5 | 35.74 | 217.29 | 253.03 | OK | |
r-release-linux-x86_64 | 0.3.5 | 34.63 | 214.91 | 249.54 | OK | |
r-release-macos-arm64 | 0.3.5 | 143.00 | OK | |||
r-release-macos-x86_64 | 0.3.5 | 386.00 | OK | |||
r-release-windows-x86_64 | 0.3.5 | 31.00 | 257.00 | 288.00 | OK | |
r-oldrel-macos-arm64 | 0.3.5 | 145.00 | OK | |||
r-oldrel-macos-x86_64 | 0.3.5 | 270.00 | OK | |||
r-oldrel-windows-x86_64 | 0.3.5 | 45.00 | 362.00 | 407.00 | OK |
Version: 0.3.5
Check: CRAN incoming feasibility
Result: NOTE
Maintainer: ‘Gavin Rozzi <gr@gavinrozzi.com>’
Package CITATION file contains call(s) to old-style citEntry(). Please
use bibentry() instead.
Flavors: r-devel-linux-x86_64-debian-clang, r-devel-linux-x86_64-debian-gcc
These binaries (installable software) and packages are in development.
They may not be fully stable and should be used with caution. We make no claims about them.