Last updated on 2025-10-23 11:50:34 CEST.
Flavor | Version | Tinstall | Tcheck | Ttotal | Status | Flags |
---|---|---|---|---|---|---|
r-devel-linux-x86_64-debian-clang | 0.3.5 | 33.87 | 236.57 | 270.44 | NOTE | |
r-devel-linux-x86_64-debian-gcc | 0.3.5 | 23.40 | 165.42 | 188.82 | NOTE | |
r-devel-linux-x86_64-fedora-clang | 0.3.5 | 192.00 | 433.51 | 625.51 | OK | |
r-devel-linux-x86_64-fedora-gcc | 0.3.5 | 71.00 | 334.24 | 405.24 | OK | |
r-devel-windows-x86_64 | 0.3.5 | 33.00 | 250.00 | 283.00 | OK | |
r-patched-linux-x86_64 | 0.3.5 | 28.12 | 221.71 | 249.83 | OK | |
r-release-linux-x86_64 | 0.3.5 | 35.65 | 219.67 | 255.32 | OK | |
r-release-macos-arm64 | 0.3.5 | 14.00 | 129.00 | 143.00 | OK | |
r-release-macos-x86_64 | 0.3.5 | 34.00 | 352.00 | 386.00 | OK | |
r-release-windows-x86_64 | 0.3.5 | 32.00 | 269.00 | 301.00 | OK | |
r-oldrel-macos-arm64 | 0.3.5 | 15.00 | 130.00 | 145.00 | OK | |
r-oldrel-macos-x86_64 | 0.3.5 | 24.00 | 246.00 | 270.00 | OK | |
r-oldrel-windows-x86_64 | 0.3.5 | 46.00 | 377.00 | 423.00 | OK |
Version: 0.3.5
Check: CRAN incoming feasibility
Result: NOTE
Maintainer: ‘Gavin Rozzi <gr@gavinrozzi.com>’
Package CITATION file contains call(s) to old-style citEntry(). Please
use bibentry() instead.
Flavors: r-devel-linux-x86_64-debian-clang, r-devel-linux-x86_64-debian-gcc
These binaries (installable software) and packages are in development.
They may not be fully stable and should be used with caution. We make no claims about them.