CRAN Package Check Results for Package zipfextR

Last updated on 2025-07-25 01:49:44 CEST.

Flavor Version Tinstall Tcheck Ttotal Status Flags
r-devel-linux-x86_64-debian-clang 1.0.2 9.52 80.55 90.07 NOTE
r-devel-linux-x86_64-debian-gcc 1.0.2 6.08 54.47 60.55 NOTE
r-devel-linux-x86_64-fedora-clang 1.0.2 139.89 OK
r-devel-linux-x86_64-fedora-gcc 1.0.2 130.57 OK
r-devel-windows-x86_64 1.0.2 10.00 97.00 107.00 OK
r-patched-linux-x86_64 1.0.2 9.38 76.48 85.86 OK
r-release-linux-x86_64 1.0.2 8.71 76.28 84.99 OK
r-release-macos-arm64 1.0.2 43.00 OK
r-release-macos-x86_64 1.0.2 76.00 OK
r-release-windows-x86_64 1.0.2 11.00 101.00 112.00 OK
r-oldrel-macos-arm64 1.0.2 44.00 NOTE
r-oldrel-macos-x86_64 1.0.2 59.00 NOTE
r-oldrel-windows-x86_64 1.0.2 14.00 119.00 133.00 NOTE

Check Details

Version: 1.0.2
Check: CRAN incoming feasibility
Result: NOTE Maintainer: ‘Ariel Duarte-López <aduarte@ac.upc.edu>’ The Description field contains (2013) <arXiv:1304.4540>, the Zipf-Poisson Extreme (Zipf-PE), the Please refer to arXiv e-prints via their arXiv DOI <doi:10.48550/arXiv.YYMM.NNNNN>. Flavors: r-devel-linux-x86_64-debian-clang, r-devel-linux-x86_64-debian-gcc

Version: 1.0.2
Check: LazyData
Result: NOTE 'LazyData' is specified without a 'data' directory Flavors: r-oldrel-macos-arm64, r-oldrel-macos-x86_64, r-oldrel-windows-x86_64

These binaries (installable software) and packages are in development.
They may not be fully stable and should be used with caution. We make no claims about them.