Last updated on 2025-02-16 08:51:06 CET.
Flavor | Version | Tinstall | Tcheck | Ttotal | Status | Flags |
---|---|---|---|---|---|---|
r-devel-linux-x86_64-debian-clang | 1.0.2 | 7.92 | 78.34 | 86.26 | OK | |
r-devel-linux-x86_64-debian-gcc | 1.0.2 | 6.17 | 54.36 | 60.53 | OK | |
r-devel-linux-x86_64-fedora-clang | 1.0.2 | 149.70 | OK | |||
r-devel-linux-x86_64-fedora-gcc | 1.0.2 | 144.53 | OK | |||
r-devel-macos-arm64 | 1.0.2 | 48.00 | OK | |||
r-devel-macos-x86_64 | 1.0.2 | 76.00 | OK | |||
r-devel-windows-x86_64 | 1.0.2 | 9.00 | 97.00 | 106.00 | OK | |
r-patched-linux-x86_64 | 1.0.2 | 8.42 | 74.16 | 82.58 | NOTE | |
r-release-linux-x86_64 | 1.0.2 | 8.71 | 73.02 | 81.73 | NOTE | |
r-release-macos-arm64 | 1.0.2 | 44.00 | NOTE | |||
r-release-macos-x86_64 | 1.0.2 | 59.00 | NOTE | |||
r-release-windows-x86_64 | 1.0.2 | 10.00 | 95.00 | 105.00 | NOTE | |
r-oldrel-macos-arm64 | 1.0.2 | 43.00 | NOTE | |||
r-oldrel-macos-x86_64 | 1.0.2 | 71.00 | NOTE | |||
r-oldrel-windows-x86_64 | 1.0.2 | 14.00 | 116.00 | 130.00 | NOTE |
Version: 1.0.2
Check: LazyData
Result: NOTE
'LazyData' is specified without a 'data' directory
Flavors: r-patched-linux-x86_64, r-release-linux-x86_64, r-release-macos-arm64, r-release-macos-x86_64, r-release-windows-x86_64, r-oldrel-macos-arm64, r-oldrel-macos-x86_64, r-oldrel-windows-x86_64
These binaries (installable software) and packages are in development.
They may not be fully stable and should be used with caution. We make no claims about them.