CRAN Package Check Results for Package zmisc

Last updated on 2025-05-29 09:51:59 CEST.

Flavor Version Tinstall Tcheck Ttotal Status Flags
r-devel-linux-x86_64-debian-clang 0.2.3 2.05 30.87 32.92 NOTE
r-devel-linux-x86_64-debian-gcc 0.2.3 1.55 24.48 26.03 NOTE
r-devel-linux-x86_64-fedora-clang 0.2.3 50.93 NOTE
r-devel-linux-x86_64-fedora-gcc 0.2.3 58.38 NOTE
r-devel-windows-x86_64 0.2.3 3.00 58.00 61.00 NOTE
r-patched-linux-x86_64 0.2.3 2.23 28.22 30.45 NOTE
r-release-linux-x86_64 0.2.3 1.82 28.46 30.28 NOTE
r-release-macos-arm64 0.2.3 32.00 NOTE
r-release-macos-x86_64 0.2.3 46.00 NOTE
r-release-windows-x86_64 0.2.3 4.00 59.00 63.00 NOTE
r-oldrel-macos-arm64 0.2.3 24.00 OK
r-oldrel-macos-x86_64 0.2.3 38.00 OK
r-oldrel-windows-x86_64 0.2.3 4.00 64.00 68.00 OK

Check Details

Version: 0.2.3
Check: CRAN incoming feasibility
Result: NOTE Maintainer: ‘Magnus Thor Torfason <m@zulutime.net>’ No Authors@R field in DESCRIPTION. Please add one, modifying Authors@R: person(given = c("Magnus", "Thor"), family = "Torfason", role = c("aut", "cre"), email = "m@zulutime.net") as necessary. Flavors: r-devel-linux-x86_64-debian-clang, r-devel-linux-x86_64-debian-gcc

Version: 0.2.3
Check: DESCRIPTION meta-information
Result: NOTE Missing dependency on R >= 4.1.0 because package code uses the pipe |> or function shorthand \(...) syntax added in R 4.1.0. File(s) using such syntax: ‘notate.R’ Flavors: r-devel-linux-x86_64-debian-clang, r-devel-linux-x86_64-debian-gcc, r-devel-linux-x86_64-fedora-clang, r-devel-linux-x86_64-fedora-gcc, r-devel-windows-x86_64, r-patched-linux-x86_64, r-release-linux-x86_64, r-release-macos-arm64, r-release-macos-x86_64, r-release-windows-x86_64

These binaries (installable software) and packages are in development.
They may not be fully stable and should be used with caution. We make no claims about them.