Last updated on 2025-02-16 08:51:06 CET.
Flavor | Version | Tinstall | Tcheck | Ttotal | Status | Flags |
---|---|---|---|---|---|---|
r-devel-linux-x86_64-debian-clang | 1.3.1 | 163.62 | 150.71 | 314.33 | OK | |
r-devel-linux-x86_64-debian-gcc | 1.3.1 | 135.56 | 116.32 | 251.88 | OK | |
r-devel-linux-x86_64-fedora-clang | 1.3.1 | 376.42 | NOTE | |||
r-devel-linux-x86_64-fedora-gcc | 1.3.1 | 666.38 | NOTE | |||
r-devel-macos-arm64 | 1.3.1 | 149.00 | OK | |||
r-devel-macos-x86_64 | 1.3.1 | 359.00 | OK | |||
r-devel-windows-x86_64 | 1.3.1 | 138.00 | 207.00 | 345.00 | OK | |
r-patched-linux-x86_64 | 1.3.1 | 173.83 | 153.93 | 327.76 | NOTE | |
r-release-linux-x86_64 | 1.3.1 | 169.55 | 151.12 | 320.67 | NOTE | |
r-release-macos-arm64 | 1.3.1 | 79.00 | NOTE | |||
r-release-macos-x86_64 | 1.3.1 | 145.00 | NOTE | |||
r-release-windows-x86_64 | 1.3.1 | 139.00 | 217.00 | 356.00 | NOTE | |
r-oldrel-macos-arm64 | 1.3.1 | 132.00 | NOTE | |||
r-oldrel-macos-x86_64 | 1.3.1 | 276.00 | NOTE | |||
r-oldrel-windows-x86_64 | 1.3.1 | 194.00 | 253.00 | 447.00 | NOTE |
Version: 1.3.1
Check: dependencies in R code
Result: NOTE
Namespaces in Imports field not imported from:
‘RcppParallel’ ‘rstantools’
All declared Imports should be used.
Flavors: r-devel-linux-x86_64-fedora-clang, r-devel-linux-x86_64-fedora-gcc
Version: 1.3.1
Check: for GNU extensions in Makefiles
Result: NOTE
GNU make is a SystemRequirements.
Flavors: r-patched-linux-x86_64, r-release-linux-x86_64, r-release-macos-arm64, r-release-macos-x86_64, r-release-windows-x86_64, r-oldrel-macos-arm64, r-oldrel-macos-x86_64, r-oldrel-windows-x86_64
Version: 1.3.1
Check: installed package size
Result: NOTE
installed size is 46.8Mb
sub-directories of 1Mb or more:
libs 46.3Mb
Flavors: r-release-macos-arm64, r-release-macos-x86_64, r-oldrel-macos-arm64, r-oldrel-macos-x86_64
These binaries (installable software) and packages are in development.
They may not be fully stable and should be used with caution. We make no claims about them.