Last updated on 2025-11-12 23:51:04 CET.
| Flavor | Version | Tinstall | Tcheck | Ttotal | Status | Flags |
|---|---|---|---|---|---|---|
| r-devel-linux-x86_64-debian-clang | 1.3.1 | 150.05 | 159.76 | 309.81 | OK | |
| r-devel-linux-x86_64-debian-gcc | 1.3.1 | 121.74 | 125.77 | 247.51 | OK | |
| r-devel-linux-x86_64-fedora-clang | 1.3.1 | 239.00 | 148.79 | 387.79 | NOTE | |
| r-devel-linux-x86_64-fedora-gcc | 1.3.1 | 305.00 | 127.43 | 432.43 | NOTE | |
| r-devel-windows-x86_64 | 1.3.1 | 167.00 | 200.00 | 367.00 | OK | |
| r-patched-linux-x86_64 | 1.3.1 | 189.03 | 164.84 | 353.87 | OK | |
| r-release-linux-x86_64 | 1.3.1 | 165.76 | 163.56 | 329.32 | OK | |
| r-release-macos-arm64 | 1.3.1 | 67.00 | 78.00 | 145.00 | OK | |
| r-release-macos-x86_64 | 1.3.1 | 184.00 | 175.00 | 359.00 | OK | |
| r-release-windows-x86_64 | 1.3.1 | 158.00 | 218.00 | 376.00 | OK | |
| r-oldrel-macos-arm64 | 1.3.1 | 31.00 | 48.00 | 79.00 | NOTE | |
| r-oldrel-macos-x86_64 | 1.3.1 | 60.00 | 85.00 | 145.00 | NOTE | |
| r-oldrel-windows-x86_64 | 1.3.1 | 192.00 | 291.00 | 483.00 | NOTE |
Version: 1.3.1
Check: dependencies in R code
Result: NOTE
Namespaces in Imports field not imported from:
‘RcppParallel’ ‘rstantools’
All declared Imports should be used.
Flavors: r-devel-linux-x86_64-fedora-clang, r-devel-linux-x86_64-fedora-gcc
Version: 1.3.1
Check: installed package size
Result: NOTE
installed size is 46.8Mb
sub-directories of 1Mb or more:
libs 46.3Mb
Flavors: r-oldrel-macos-arm64, r-oldrel-macos-x86_64
Version: 1.3.1
Check: for GNU extensions in Makefiles
Result: NOTE
GNU make is a SystemRequirements.
Flavors: r-oldrel-macos-arm64, r-oldrel-macos-x86_64, r-oldrel-windows-x86_64
These binaries (installable software) and packages are in development.
They may not be fully stable and should be used with caution. We make no claims about them.