Last updated on 2024-07-27 15:50:38 CEST.
Flavor | Version | Tinstall | Tcheck | Ttotal | Status | Flags |
---|---|---|---|---|---|---|
r-devel-linux-x86_64-debian-clang | 1.0.1 | 7.09 | 63.90 | 70.99 | OK | |
r-devel-linux-x86_64-debian-gcc | 1.0.1 | OK | ||||
r-devel-linux-x86_64-fedora-clang | 1.0.1 | 90.00 | OK | |||
r-devel-linux-x86_64-fedora-gcc | 1.0.1 | 126.24 | OK | |||
r-devel-windows-x86_64 | 1.0.1 | 8.00 | 73.00 | 81.00 | OK | |
r-patched-linux-x86_64 | 1.0.1 | OK | ||||
r-release-linux-x86_64 | 1.0.1 | 4.12 | 60.33 | 64.45 | OK | |
r-release-macos-arm64 | 1.0.1 | 51.00 | OK | |||
r-release-macos-x86_64 | 1.0.1 | 111.00 | OK | |||
r-release-windows-x86_64 | 1.0.1 | 8.00 | 72.00 | 80.00 | OK | |
r-oldrel-macos-arm64 | 1.0.1 | 52.00 | ERROR | |||
r-oldrel-macos-x86_64 | 1.0.1 | 94.00 | ERROR | |||
r-oldrel-windows-x86_64 | 1.0.1 | 10.00 | 81.00 | 91.00 | OK |
Version: 1.0.1
Check: running R code from vignettes
Result: ERROR
Errors in running code in vignettes:
when running code in ‘getting-started.Rmd’
...
> zoltar_connection <- new_connection(host = Sys.getenv("Z_HOST"))
> zoltar_authenticate(zoltar_connection, Sys.getenv("Z_USERNAME"),
+ Sys.getenv("Z_PASSWORD"))
get_token(): POST: /api-token-auth/
When sourcing ‘getting-started.R’:
Error: URL using bad/illegal format or missing URL
Execution halted
when running code in ‘project-owners.Rmd’
...
> zoltar_connection <- new_connection(host = Sys.getenv("Z_HOST"))
> zoltar_authenticate(zoltar_connection, Sys.getenv("Z_USERNAME"),
+ Sys.getenv("Z_PASSWORD"))
get_token(): POST: /api-token-auth/
When sourcing ‘project-owners.R’:
Error: URL using bad/illegal format or missing URL
Execution halted
‘getting-started.Rmd’ using ‘UTF-8’... failed
‘project-owners.Rmd’ using ‘UTF-8’... failed
Flavors: r-oldrel-macos-arm64, r-oldrel-macos-x86_64
These binaries (installable software) and packages are in development.
They may not be fully stable and should be used with caution. We make no claims about them.