Last updated on 2025-05-22 17:53:53 CEST.
Flavor | Version | Tinstall | Tcheck | Ttotal | Status | Flags |
---|---|---|---|---|---|---|
r-devel-linux-x86_64-debian-clang | 0.1.0 | 5.00 | 77.53 | 82.53 | OK | |
r-devel-linux-x86_64-debian-gcc | 0.1.0 | 3.17 | 52.13 | 55.30 | OK | |
r-devel-linux-x86_64-fedora-clang | 0.1.0 | 129.55 | OK | |||
r-devel-linux-x86_64-fedora-gcc | 0.1.0 | 143.35 | OK | |||
r-devel-windows-x86_64 | 0.1.0 | 7.00 | 117.00 | 124.00 | OK | |
r-patched-linux-x86_64 | 0.1.0 | 4.70 | 71.70 | 76.40 | OK | |
r-release-linux-x86_64 | 0.1.0 | 4.74 | 73.02 | 77.76 | OK | |
r-release-macos-arm64 | 0.1.0 | 85.00 | OK | |||
r-release-macos-x86_64 | 0.1.0 | 124.00 | OK | |||
r-release-windows-x86_64 | 0.1.0 | 6.00 | 110.00 | 116.00 | OK | |
r-oldrel-macos-arm64 | 0.1.0 | 79.00 | NOTE | |||
r-oldrel-macos-x86_64 | 0.1.0 | 136.00 | NOTE | |||
r-oldrel-windows-x86_64 | 0.1.0 | 7.00 | 118.00 | 125.00 | NOTE |
Version: 0.1.0
Check: installed package size
Result: NOTE
installed size is 6.0Mb
sub-directories of 1Mb or more:
doc 5.2Mb
Flavors: r-oldrel-macos-arm64, r-oldrel-macos-x86_64, r-oldrel-windows-x86_64
These binaries (installable software) and packages are in development.
They may not be fully stable and should be used with caution. We make no claims about them.