CRAN Package Check Results for Package zoolog

Last updated on 2025-11-16 21:50:03 CET.

Flavor Version Tinstall Tcheck Ttotal Status Flags
r-devel-linux-x86_64-debian-clang 1.1.0 2.15 77.76 79.91 NOTE
r-devel-linux-x86_64-debian-gcc 1.1.0 2.06 51.35 53.41 NOTE
r-devel-linux-x86_64-fedora-clang 1.1.0 135.86 OK
r-devel-linux-x86_64-fedora-gcc 1.1.0 146.48 OK
r-devel-windows-x86_64 1.1.0 6.00 100.00 106.00 OK
r-patched-linux-x86_64 1.1.0 3.10 75.08 78.18 OK
r-release-linux-x86_64 1.1.0 2.55 74.23 76.78 OK
r-release-macos-arm64 1.1.0 1.00 54.00 55.00 OK
r-release-macos-x86_64 1.1.0 2.00 98.00 100.00 OK
r-release-windows-x86_64 1.1.0 6.00 98.00 104.00 OK
r-oldrel-macos-arm64 1.1.0 2.00 41.00 43.00 OK
r-oldrel-macos-x86_64 1.1.0 2.00 73.00 75.00 OK
r-oldrel-windows-x86_64 1.1.0 5.00 119.00 124.00 OK

Check Details

Version: 1.1.0
Check: CRAN incoming feasibility
Result: NOTE Maintainer: ‘Jose M Pozo <josmpozo@gmail.com>’ Package CITATION file contains call(s) to old-style citEntry(). Please use bibentry() instead. Flavors: r-devel-linux-x86_64-debian-clang, r-devel-linux-x86_64-debian-gcc

These binaries (installable software) and packages are in development.
They may not be fully stable and should be used with caution. We make no claims about them.