CRAN Package Check Results for Package zoolog

Last updated on 2025-07-26 07:50:38 CEST.

Flavor Version Tinstall Tcheck Ttotal Status Flags
r-devel-linux-x86_64-debian-clang 1.1.0 2.66 73.16 75.82 NOTE
r-devel-linux-x86_64-debian-gcc 1.1.0 2.08 49.14 51.22 NOTE
r-devel-linux-x86_64-fedora-clang 1.1.0 127.23 OK
r-devel-linux-x86_64-fedora-gcc 1.1.0 138.92 OK
r-devel-windows-x86_64 1.1.0 4.00 113.00 117.00 OK
r-patched-linux-x86_64 1.1.0 2.78 70.41 73.19 OK
r-release-linux-x86_64 1.1.0 1.70 71.85 73.55 OK
r-release-macos-arm64 1.1.0 55.00 OK
r-release-macos-x86_64 1.1.0 100.00 OK
r-release-windows-x86_64 1.1.0 4.00 100.00 104.00 OK
r-oldrel-macos-arm64 1.1.0 43.00 OK
r-oldrel-macos-x86_64 1.1.0 75.00 OK
r-oldrel-windows-x86_64 1.1.0 6.00 114.00 120.00 OK

Check Details

Version: 1.1.0
Check: CRAN incoming feasibility
Result: NOTE Maintainer: ‘Jose M Pozo <josmpozo@gmail.com>’ Package CITATION file contains call(s) to old-style citEntry(). Please use bibentry() instead. Flavors: r-devel-linux-x86_64-debian-clang, r-devel-linux-x86_64-debian-gcc

These binaries (installable software) and packages are in development.
They may not be fully stable and should be used with caution. We make no claims about them.