Last updated on 2025-10-23 11:50:34 CEST.
Flavor | Version | Tinstall | Tcheck | Ttotal | Status | Flags |
---|---|---|---|---|---|---|
r-devel-linux-x86_64-debian-clang | 0.2.1 | 115.68 | 223.15 | 338.83 | NOTE | |
r-devel-linux-x86_64-debian-gcc | 0.2.1 | 94.11 | 153.58 | 247.69 | OK | |
r-devel-linux-x86_64-fedora-clang | 0.2.1 | 230.00 | 457.38 | 687.38 | OK | |
r-devel-linux-x86_64-fedora-gcc | 0.2.1 | 98.00 | 377.08 | 475.08 | OK | |
r-devel-windows-x86_64 | 0.2.1 | 98.00 | 207.00 | 305.00 | OK | |
r-patched-linux-x86_64 | 0.2.1 | 115.91 | 202.57 | 318.48 | OK | |
r-release-linux-x86_64 | 0.2.1 | 120.09 | 212.32 | 332.41 | OK | |
r-release-macos-arm64 | 0.2.1 | 37.00 | 73.00 | 110.00 | OK | |
r-release-macos-x86_64 | 0.2.1 | 65.00 | 133.00 | 198.00 | OK | |
r-release-windows-x86_64 | 0.2.1 | 114.00 | 212.00 | 326.00 | OK | |
r-oldrel-macos-arm64 | 0.2.1 | 35.00 | 97.00 | 132.00 | OK | |
r-oldrel-macos-x86_64 | 0.2.1 | 52.00 | 180.00 | 232.00 | OK | |
r-oldrel-windows-x86_64 | 0.2.1 | 125.00 | 325.00 | 450.00 | OK |
Version: 0.2.1
Check: HTML version of manual
Result: NOTE
Found the following HTML validation problems:
fuzzy_join_core.html:89:1 (fuzzy_join_core.Rd:39): Warning: missing </ul> before </div>
Flavor: r-devel-linux-x86_64-debian-clang
These binaries (installable software) and packages are in development.
They may not be fully stable and should be used with caution. We make no claims about them.