Last updated on 2024-07-27 15:50:38 CEST.
Flavor | Version | Tinstall | Tcheck | Ttotal | Status | Flags |
---|---|---|---|---|---|---|
r-devel-linux-x86_64-debian-clang | 0.1.5 | 166.58 | 269.50 | 436.08 | OK | |
r-devel-linux-x86_64-debian-gcc | 0.1.5 | OK | ||||
r-devel-linux-x86_64-fedora-clang | 0.1.5 | 757.83 | OK | |||
r-devel-linux-x86_64-fedora-gcc | 0.1.5 | 494.12 | OK | |||
r-devel-windows-x86_64 | 0.1.5 | 114.00 | 216.00 | 330.00 | OK | |
r-patched-linux-x86_64 | 0.1.5 | OK | ||||
r-release-linux-x86_64 | 0.1.5 | 107.99 | 266.18 | 374.17 | OK | |
r-release-macos-arm64 | 0.1.5 | 193.00 | NOTE | |||
r-release-macos-x86_64 | 0.1.5 | 360.00 | NOTE | |||
r-release-windows-x86_64 | 0.1.5 | 103.00 | 226.00 | 329.00 | OK | |
r-oldrel-macos-arm64 | 0.1.5 | 218.00 | NOTE | |||
r-oldrel-macos-x86_64 | 0.1.5 | 43.00 | ERROR | |||
r-oldrel-windows-x86_64 | 0.1.5 | 124.00 | 300.00 | 424.00 | OK |
Version: 0.1.5
Check: installed package size
Result: NOTE
installed size is 9.2Mb
sub-directories of 1Mb or more:
libs 8.9Mb
Flavors: r-release-macos-arm64, r-release-macos-x86_64, r-oldrel-macos-arm64
Version: 0.1.5
Check: whether package can be installed
Result: ERROR
Installation failed.
Flavor: r-oldrel-macos-x86_64
These binaries (installable software) and packages are in development.
They may not be fully stable and should be used with caution. We make no claims about them.