Last updated on 2025-10-23 11:50:34 CEST.
Flavor | Version | Tinstall | Tcheck | Ttotal | Status | Flags |
---|---|---|---|---|---|---|
r-devel-linux-x86_64-debian-clang | 0.3.1 | 3.82 | 61.75 | 65.57 | NOTE | |
r-devel-linux-x86_64-debian-gcc | 0.3.1 | 2.96 | 44.57 | 47.53 | NOTE | |
r-devel-linux-x86_64-fedora-clang | 0.3.1 | 14.00 | 93.21 | 107.21 | OK | |
r-devel-linux-x86_64-fedora-gcc | 0.3.1 | 110.23 | OK | |||
r-devel-windows-x86_64 | 0.3.1 | 6.00 | 86.00 | 92.00 | OK | |
r-patched-linux-x86_64 | 0.3.1 | 4.43 | 57.71 | 62.14 | OK | |
r-release-linux-x86_64 | 0.3.1 | 3.99 | 57.85 | 61.84 | OK | |
r-release-macos-arm64 | 0.3.1 | 3.00 | 51.00 | 54.00 | OK | |
r-release-macos-x86_64 | 0.3.1 | 3.00 | 75.00 | 78.00 | OK | |
r-release-windows-x86_64 | 0.3.1 | 8.00 | 90.00 | 98.00 | OK | |
r-oldrel-macos-arm64 | 0.3.1 | 2.00 | 40.00 | 42.00 | OK | |
r-oldrel-macos-x86_64 | 0.3.1 | 3.00 | 62.00 | 65.00 | OK | |
r-oldrel-windows-x86_64 | 0.3.1 | 9.00 | 105.00 | 114.00 | OK |
Version: 0.3.1
Check: CRAN incoming feasibility
Result: NOTE
Maintainer: ‘Ernest Guevarra <ernestgmd@gmail.com>’
Found the following URLs which should use \doi (with the DOI name only):
File ‘anthro4.Rd’:
https://doi.org/10.1136/bmj.j3423
Flavors: r-devel-linux-x86_64-debian-clang, r-devel-linux-x86_64-debian-gcc
These binaries (installable software) and packages are in development.
They may not be fully stable and should be used with caution. We make no claims about them.