Last updated on 2025-11-13 15:51:30 CET.
| Flavor | Version | Tinstall | Tcheck | Ttotal | Status | Flags |
|---|---|---|---|---|---|---|
| r-devel-linux-x86_64-debian-clang | 0.3.1 | 3.88 | 62.23 | 66.11 | NOTE | |
| r-devel-linux-x86_64-debian-gcc | 0.3.1 | 3.10 | 42.66 | 45.76 | NOTE | |
| r-devel-linux-x86_64-fedora-clang | 0.3.1 | 101.93 | OK | |||
| r-devel-linux-x86_64-fedora-gcc | 0.3.1 | 112.98 | OK | |||
| r-devel-windows-x86_64 | 0.3.1 | 8.00 | 82.00 | 90.00 | OK | |
| r-patched-linux-x86_64 | 0.3.1 | 3.92 | 58.44 | 62.36 | OK | |
| r-release-linux-x86_64 | 0.3.1 | 3.81 | 57.18 | 60.99 | OK | |
| r-release-macos-arm64 | 0.3.1 | 3.00 | 51.00 | 54.00 | OK | |
| r-release-macos-x86_64 | 0.3.1 | 3.00 | 75.00 | 78.00 | OK | |
| r-release-windows-x86_64 | 0.3.1 | 7.00 | 87.00 | 94.00 | OK | |
| r-oldrel-macos-arm64 | 0.3.1 | 2.00 | 40.00 | 42.00 | OK | |
| r-oldrel-macos-x86_64 | 0.3.1 | 3.00 | 62.00 | 65.00 | OK | |
| r-oldrel-windows-x86_64 | 0.3.1 | 7.00 | 103.00 | 110.00 | OK |
Version: 0.3.1
Check: CRAN incoming feasibility
Result: NOTE
Maintainer: ‘Ernest Guevarra <ernestgmd@gmail.com>’
Found the following URLs which should use \doi (with the DOI name only):
File ‘anthro4.Rd’:
https://doi.org/10.1136/bmj.j3423
Flavors: r-devel-linux-x86_64-debian-clang, r-devel-linux-x86_64-debian-gcc
These binaries (installable software) and packages are in development.
They may not be fully stable and should be used with caution. We make no claims about them.