Last updated on 2025-02-16 08:51:06 CET.
Flavor | Version | Tinstall | Tcheck | Ttotal | Status | Flags |
---|---|---|---|---|---|---|
r-devel-linux-x86_64-debian-clang | 0.1.2 | 38.34 | 92.91 | 131.25 | NOTE | |
r-devel-linux-x86_64-debian-gcc | 0.1.2 | 30.91 | 70.50 | 101.41 | NOTE | |
r-devel-linux-x86_64-fedora-clang | 0.1.2 | 193.20 | NOTE | |||
r-devel-linux-x86_64-fedora-gcc | 0.1.2 | 275.96 | NOTE | |||
r-devel-macos-arm64 | 0.1.2 | 90.00 | NOTE | |||
r-devel-macos-x86_64 | 0.1.2 | 150.00 | NOTE | |||
r-devel-windows-x86_64 | 0.1.2 | 39.00 | 143.00 | 182.00 | NOTE | |
r-patched-linux-x86_64 | 0.1.2 | 38.32 | 83.99 | 122.31 | NOTE | |
r-release-linux-x86_64 | 0.1.2 | 37.50 | 85.70 | 123.20 | NOTE | |
r-release-macos-arm64 | 0.1.2 | 90.00 | NOTE | |||
r-release-macos-x86_64 | 0.1.2 | 131.00 | NOTE | |||
r-release-windows-x86_64 | 0.1.2 | 38.00 | 136.00 | 174.00 | NOTE | |
r-oldrel-macos-arm64 | 0.1.2 | 82.00 | NOTE | |||
r-oldrel-macos-x86_64 | 0.1.2 | 133.00 | NOTE | |||
r-oldrel-windows-x86_64 | 0.1.2 | 53.00 | 156.00 | 209.00 | NOTE |
Version: 0.1.2
Check: C++ specification
Result: NOTE
Specified C++11: please drop specification unless essential
Flavors: r-devel-linux-x86_64-debian-clang, r-devel-linux-x86_64-debian-gcc, r-devel-linux-x86_64-fedora-clang, r-devel-linux-x86_64-fedora-gcc, r-devel-macos-arm64, r-devel-macos-x86_64, r-devel-windows-x86_64, r-patched-linux-x86_64, r-release-linux-x86_64, r-release-macos-arm64, r-release-macos-x86_64, r-release-windows-x86_64, r-oldrel-macos-arm64, r-oldrel-macos-x86_64, r-oldrel-windows-x86_64
Version: 0.1.2
Check: installed package size
Result: NOTE
installed size is 8.0Mb
sub-directories of 1Mb or more:
libs 7.7Mb
Flavors: r-release-macos-arm64, r-release-macos-x86_64, r-oldrel-macos-arm64, r-oldrel-macos-x86_64
These binaries (installable software) and packages are in development.
They may not be fully stable and should be used with caution. We make no claims about them.