CRAN Package Check Results for Package zzlite

Last updated on 2025-05-01 15:49:49 CEST.

Flavor Version Tinstall Tcheck Ttotal Status Flags
r-devel-linux-x86_64-debian-clang 0.1.2 1.88 23.88 25.76 NOTE
r-devel-linux-x86_64-debian-gcc 0.1.2 1.63 19.28 20.91 NOTE
r-devel-linux-x86_64-fedora-clang 0.1.2 41.28 OK
r-devel-linux-x86_64-fedora-gcc 0.1.2 52.38 OK
r-devel-windows-x86_64 0.1.2 3.00 52.00 55.00 OK
r-patched-linux-x86_64 0.1.2 2.25 22.97 25.22 OK
r-release-linux-x86_64 OK
r-release-macos-arm64 0.1.2 42.00 OK
r-release-macos-x86_64 0.1.2 68.00 OK
r-release-windows-x86_64 0.1.2 4.00 56.00 60.00 OK
r-oldrel-macos-arm64 0.1.2 29.00 OK
r-oldrel-macos-x86_64 0.1.2 36.00 OK
r-oldrel-windows-x86_64 0.1.2 5.00 51.00 56.00 OK

Check Details

Version: 0.1.2
Check: CRAN incoming feasibility
Result: NOTE Maintainer: ‘Frederik Kok Hansen <frederik_kok@icloud.com>’ No Authors@R field in DESCRIPTION. Please add one, modifying Authors@R: person(given = c("Frederik", "Kok"), family = "Hansen", role = c("aut", "cre"), email = "frederik_kok@icloud.com") as necessary. Flavors: r-devel-linux-x86_64-debian-clang, r-devel-linux-x86_64-debian-gcc

These binaries (installable software) and packages are in development.
They may not be fully stable and should be used with caution. We make no claims about them.