Last updated on 2024-05-04 01:48:43 CEST.
Flavor | Version | Tinstall | Tcheck | Ttotal | Status | Flags |
---|---|---|---|---|---|---|
r-devel-linux-x86_64-debian-clang | 0.1.1 | 19.03 | 376.93 | 395.96 | OK | |
r-devel-linux-x86_64-fedora-clang | 0.1.1 | 468.11 | OK | |||
r-devel-linux-x86_64-fedora-gcc | 0.1.1 | 471.08 | OK | |||
r-devel-windows-x86_64 | 0.1.1 | 14.00 | 291.00 | 305.00 | OK | |
r-patched-linux-x86_64 | 0.1.1 | 17.72 | 355.36 | 373.08 | OK | |
r-release-linux-x86_64 | 0.1.1 | 14.69 | 357.26 | 371.95 | OK | |
r-release-macos-arm64 | 0.1.1 | 121.00 | OK | |||
r-release-windows-x86_64 | 0.1.1 | 13.00 | 223.00 | 236.00 | ERROR | |
r-oldrel-macos-arm64 | 0.1.1 | 125.00 | OK | |||
r-oldrel-macos-x86_64 | 0.1.1 | 248.00 | OK | |||
r-oldrel-windows-x86_64 | 0.1.1 | 17.00 | 387.00 | 404.00 | OK |
Version: 0.1.1
Check: re-building of vignette outputs
Result: ERROR
Error(s) in re-building vignettes:
--- re-building 'fitode.Rnw' using knitr
Quitting from lines at lines 456-460 [haredata] (fitode.Rnw)
Error: processing vignette 'fitode.Rnw' failed with diagnostics:
cannot open the connection to 'https://raw.githubusercontent.com/stan-dev/example-models/master/knitr/lotka-volterra/hudson-bay-lynx-hare.csv'
--- failed re-building 'fitode.Rnw'
SUMMARY: processing the following file failed:
'fitode.Rnw'
Error: Vignette re-building failed.
Execution halted
Flavor: r-release-windows-x86_64
These binaries (installable software) and packages are in development.
They may not be fully stable and should be used with caution. We make no claims about them.