Last updated on 2024-05-04 01:48:53 CEST.
Flavor | Version | Tinstall | Tcheck | Ttotal | Status | Flags |
---|---|---|---|---|---|---|
r-devel-linux-x86_64-debian-clang | 0.3.1 | 7.98 | 180.56 | 188.54 | OK | |
r-devel-linux-x86_64-fedora-clang | 0.3.1 | 225.96 | NOTE | |||
r-devel-linux-x86_64-fedora-gcc | 0.3.1 | 252.97 | OK | |||
r-devel-windows-x86_64 | 0.3.1 | 10.00 | 131.00 | 141.00 | OK | |
r-patched-linux-x86_64 | 0.3.1 | 11.41 | 171.49 | 182.90 | OK | |
r-release-linux-x86_64 | 0.3.1 | 9.41 | 171.78 | 181.19 | OK | |
r-release-macos-arm64 | 0.3.1 | 68.00 | OK | |||
r-release-windows-x86_64 | 0.3.1 | 11.00 | 134.00 | 145.00 | OK | |
r-oldrel-macos-arm64 | 0.3.1 | 72.00 | OK | |||
r-oldrel-macos-x86_64 | 0.3.1 | 205.00 | OK | |||
r-oldrel-windows-x86_64 | 0.3.1 | 13.00 | 162.00 | 175.00 | OK |
Version: 0.3.1
Check: Rd cross-references
Result: NOTE
Undeclared package ‘mvtnorm’ in Rd xrefs
Flavor: r-devel-linux-x86_64-fedora-clang
These binaries (installable software) and packages are in development.
They may not be fully stable and should be used with caution. We make no claims about them.