Last updated on 2025-05-01 10:50:03 CEST.
Flavor | Version | Tinstall | Tcheck | Ttotal | Status | Flags |
---|---|---|---|---|---|---|
r-devel-linux-x86_64-debian-clang | 1.2.4 | 53.18 | 256.80 | 309.98 | NOTE | |
r-devel-linux-x86_64-debian-gcc | 1.2.4 | 38.64 | 173.84 | 212.48 | OK | |
r-devel-linux-x86_64-fedora-clang | 1.2.4 | 527.03 | OK | |||
r-devel-linux-x86_64-fedora-gcc | 1.2.4 | 528.13 | OK | |||
r-devel-windows-x86_64 | 1.2.4 | 64.00 | 251.00 | 315.00 | OK | |
r-patched-linux-x86_64 | 1.2.4 | 55.88 | 239.91 | 295.79 | OK | |
r-release-linux-x86_64 | OK | |||||
r-release-macos-arm64 | 1.2.4 | 150.00 | OK | |||
r-release-macos-x86_64 | 1.2.4 | 227.00 | OK | |||
r-release-windows-x86_64 | 1.2.4 | 67.00 | 253.00 | 320.00 | OK | |
r-oldrel-macos-arm64 | 1.2.4 | 134.00 | NOTE | |||
r-oldrel-macos-x86_64 | 1.2.4 | 194.00 | NOTE | |||
r-oldrel-windows-x86_64 | 1.2.4 | 69.00 | 338.00 | 407.00 | OK |
Version: 1.2.4
Check: examples
Result: NOTE
Examples with CPU (user + system) or elapsed time > 5s
user system elapsed
APOTCPlot 7.546 0.475 9.709
showCloneHighlight 5.808 0.034 7.229
AdjustAPOTC 5.239 0.252 7.309
vizAPOTC 4.528 0.025 5.851
overlayLegend 4.379 0.115 5.866
Flavor: r-devel-linux-x86_64-debian-clang
Version: 1.2.4
Check: examples
Result: NA
user system elapsed
APOTCPlot 4.771 0.329 5.944
OK
Flavor: r-devel-linux-x86_64-debian-gcc
Version: 1.2.4
Check: installed package size
Result: NOTE
installed size is 5.4Mb
sub-directories of 1Mb or more:
help 1.1Mb
libs 3.2Mb
Flavors: r-oldrel-macos-arm64, r-oldrel-macos-x86_64
These binaries (installable software) and packages are in development.
They may not be fully stable and should be used with caution. We make no claims about them.